{"id":8596,"date":"2023-09-26T16:23:07","date_gmt":"2023-09-26T14:23:07","guid":{"rendered":"https:\/\/cinier-b.com\/pro\/?post_type=product&#038;p=8596"},"modified":"2025-01-21T14:46:40","modified_gmt":"2025-01-21T13:46:40","slug":"duo-de-choc","status":"publish","type":"product","link":"https:\/\/cinier-b.com\/pro\/boutique\/nos-packs\/pour-l-aromatherapie\/duo-de-choc\/","title":{"rendered":"Duo de Choc"},"content":{"rendered":"<ul>\n<li><strong>Le pr\u00e9ventif<\/strong> : Compos\u00e9 exclusivement d\u2019huiles essentielles antivirales, anti-infectieuses, anti-bact\u00e9riennes confirm\u00e9es, le complexe Pr\u00e9ventif sera une aide puissante en p\u00e9riode \u00e9pid\u00e9mique.Son odeur fine et peu ent\u00eatante permet de le diffuser r\u00e9guli\u00e8rement au cours de la journ\u00e9e.<br \/>\nLe Pr\u00e9ventif vous prot\u00e9gera efficacement et vous aidera \u00e0 lutter contre les infections virales tout au long de l\u2019ann\u00e9e.<\/p>\n<h6><strong><em>Composition : 100% huiles essentielles d\u2019eucalyptus radiata, saro, ravintsara feuille, palmarosa , bois de rose, cajeput.<\/em><\/strong><\/h6>\n<\/li>\n<li><strong>La Garrigue<\/strong> : V\u00e9ritable cure de recharge \u00e9nerg\u00e9tique, ce complexe aux huiles essentielles toniques et dynamisantes sera une aide pr\u00e9cieuse pour conserver forme et moral.Lors des changements de saison, notre organisme subit diff\u00e9rentes pressions et souvent s\u2019installe fatigue et baisse de moral. En diffusant les senteurs de la garrigue, vous ressentirez bienfait et dynamisme.<\/li>\n<\/ul>\n<p><em style=\"font-size: 14px; font-weight: 600;\"><strong>Composition : <\/strong>100% huiles essentielles de romarin \u00e0 cin\u00e9ole, gen\u00e9vrier baie, lavandins, origan, cypr\u00e8s, thym \u00e0 thymol, marjolaine \u00e0 coquille, fenouil doux<\/em><\/p>\n","protected":false},"excerpt":{"rendered":"<p>D\u00e9couvrez notre <strong>Duo de Choc<\/strong> , une synergie d&rsquo;huiles essentielles 100% pures et naturelles pour booster votre \u00e9nergie et renforcer vos d\u00e9fenses en p\u00e9riode \u00e9pid\u00e9mique !<\/p>\n","protected":false},"featured_media":9894,"comment_status":"open","ping_status":"closed","template":"","meta":[],"product_brand":[],"product_cat":[169,141,163,168,92,23],"product_tag":[],"class_list":{"0":"post-8596","1":"product","2":"type-product","3":"status-publish","4":"has-post-thumbnail","6":"product_cat-decouvrez-nos-packs","7":"product_cat-nos-compositions-aromatiques","8":"product_cat-nos-packs","9":"product_cat-pour-l-aromatherapie","10":"product_cat-non-classe","11":"product_cat-compositions-aromatiques","13":"first","14":"instock","15":"taxable","16":"shipping-taxable","17":"purchasable","18":"product-type-simple"},"yoast_head":"<!-- This site is optimized with the Yoast SEO plugin v25.0 - https:\/\/yoast.com\/wordpress\/plugins\/seo\/ -->\n<title>Duo de Choc - Cinier-B pour Professionnels<\/title>\n<meta name=\"robots\" content=\"index, follow, max-snippet:-1, max-image-preview:large, max-video-preview:-1\" \/>\n<link rel=\"canonical\" href=\"https:\/\/cinier-b.com\/pro\/boutique\/nos-packs\/pour-l-aromatherapie\/duo-de-choc\/\" \/>\n<meta property=\"og:locale\" content=\"fr_FR\" \/>\n<meta property=\"og:type\" content=\"article\" \/>\n<meta property=\"og:title\" content=\"Duo de Choc - Cinier-B pour Professionnels\" \/>\n<meta property=\"og:description\" content=\"D\u00e9couvrez notre Duo de Choc , une synergie d&#039;huiles essentielles 100% pures et naturelles pour booster votre \u00e9nergie et renforcer vos d\u00e9fenses en p\u00e9riode \u00e9pid\u00e9mique !\" \/>\n<meta property=\"og:url\" content=\"https:\/\/cinier-b.com\/pro\/boutique\/nos-packs\/pour-l-aromatherapie\/duo-de-choc\/\" \/>\n<meta property=\"og:site_name\" content=\"Cinier-B pour Professionnels\" \/>\n<meta property=\"article:modified_time\" content=\"2025-01-21T13:46:40+00:00\" \/>\n<meta property=\"og:image\" content=\"https:\/\/cinier-b.com\/pro\/wp-content\/uploads\/2023\/09\/les-packs-68-1.png\" \/>\n\t<meta property=\"og:image:width\" content=\"1080\" \/>\n\t<meta property=\"og:image:height\" content=\"1080\" \/>\n\t<meta property=\"og:image:type\" content=\"image\/png\" \/>\n<meta name=\"twitter:card\" content=\"summary_large_image\" \/>\n<meta name=\"twitter:label1\" content=\"Dur\u00e9e de lecture estim\u00e9e\" \/>\n\t<meta name=\"twitter:data1\" content=\"1 minute\" \/>\n<script type=\"application\/ld+json\" class=\"yoast-schema-graph\">{\"@context\":\"https:\/\/schema.org\",\"@graph\":[{\"@type\":\"WebPage\",\"@id\":\"https:\/\/cinier-b.com\/pro\/boutique\/nos-packs\/pour-l-aromatherapie\/duo-de-choc\/\",\"url\":\"https:\/\/cinier-b.com\/pro\/boutique\/nos-packs\/pour-l-aromatherapie\/duo-de-choc\/\",\"name\":\"Duo de Choc - Cinier-B pour Professionnels\",\"isPartOf\":{\"@id\":\"https:\/\/cinier-b.com\/pro\/#website\"},\"primaryImageOfPage\":{\"@id\":\"https:\/\/cinier-b.com\/pro\/boutique\/nos-packs\/pour-l-aromatherapie\/duo-de-choc\/#primaryimage\"},\"image\":{\"@id\":\"https:\/\/cinier-b.com\/pro\/boutique\/nos-packs\/pour-l-aromatherapie\/duo-de-choc\/#primaryimage\"},\"thumbnailUrl\":\"https:\/\/cinier-b.com\/pro\/wp-content\/uploads\/2023\/09\/les-packs-68-1.png\",\"datePublished\":\"2023-09-26T14:23:07+00:00\",\"dateModified\":\"2025-01-21T13:46:40+00:00\",\"breadcrumb\":{\"@id\":\"https:\/\/cinier-b.com\/pro\/boutique\/nos-packs\/pour-l-aromatherapie\/duo-de-choc\/#breadcrumb\"},\"inLanguage\":\"fr-FR\",\"potentialAction\":[{\"@type\":\"ReadAction\",\"target\":[\"https:\/\/cinier-b.com\/pro\/boutique\/nos-packs\/pour-l-aromatherapie\/duo-de-choc\/\"]}]},{\"@type\":\"ImageObject\",\"inLanguage\":\"fr-FR\",\"@id\":\"https:\/\/cinier-b.com\/pro\/boutique\/nos-packs\/pour-l-aromatherapie\/duo-de-choc\/#primaryimage\",\"url\":\"https:\/\/cinier-b.com\/pro\/wp-content\/uploads\/2023\/09\/les-packs-68-1.png\",\"contentUrl\":\"https:\/\/cinier-b.com\/pro\/wp-content\/uploads\/2023\/09\/les-packs-68-1.png\",\"width\":1080,\"height\":1080},{\"@type\":\"BreadcrumbList\",\"@id\":\"https:\/\/cinier-b.com\/pro\/boutique\/nos-packs\/pour-l-aromatherapie\/duo-de-choc\/#breadcrumb\",\"itemListElement\":[{\"@type\":\"ListItem\",\"position\":1,\"name\":\"Accueil\",\"item\":\"https:\/\/cinier-b.com\/pro\/accueil\/\"},{\"@type\":\"ListItem\",\"position\":2,\"name\":\"Boutique\",\"item\":\"https:\/\/cinier-b.com\/pro\/boutique\/\"},{\"@type\":\"ListItem\",\"position\":3,\"name\":\"Duo de Choc\"}]},{\"@type\":\"WebSite\",\"@id\":\"https:\/\/cinier-b.com\/pro\/#website\",\"url\":\"https:\/\/cinier-b.com\/pro\/\",\"name\":\"Cinier-B pour Professionnels\",\"description\":\"Laboratoires Cinier-B\",\"potentialAction\":[{\"@type\":\"SearchAction\",\"target\":{\"@type\":\"EntryPoint\",\"urlTemplate\":\"https:\/\/cinier-b.com\/pro\/?s={search_term_string}\"},\"query-input\":{\"@type\":\"PropertyValueSpecification\",\"valueRequired\":true,\"valueName\":\"search_term_string\"}}],\"inLanguage\":\"fr-FR\"}]}<\/script>\n<!-- \/ Yoast SEO plugin. -->","yoast_head_json":{"title":"Duo de Choc - Cinier-B pour Professionnels","robots":{"index":"index","follow":"follow","max-snippet":"max-snippet:-1","max-image-preview":"max-image-preview:large","max-video-preview":"max-video-preview:-1"},"canonical":"https:\/\/cinier-b.com\/pro\/boutique\/nos-packs\/pour-l-aromatherapie\/duo-de-choc\/","og_locale":"fr_FR","og_type":"article","og_title":"Duo de Choc - Cinier-B pour Professionnels","og_description":"D\u00e9couvrez notre Duo de Choc , une synergie d'huiles essentielles 100% pures et naturelles pour booster votre \u00e9nergie et renforcer vos d\u00e9fenses en p\u00e9riode \u00e9pid\u00e9mique !","og_url":"https:\/\/cinier-b.com\/pro\/boutique\/nos-packs\/pour-l-aromatherapie\/duo-de-choc\/","og_site_name":"Cinier-B pour Professionnels","article_modified_time":"2025-01-21T13:46:40+00:00","og_image":[{"width":1080,"height":1080,"url":"https:\/\/cinier-b.com\/pro\/wp-content\/uploads\/2023\/09\/les-packs-68-1.png","type":"image\/png"}],"twitter_card":"summary_large_image","twitter_misc":{"Dur\u00e9e de lecture estim\u00e9e":"1 minute"},"schema":{"@context":"https:\/\/schema.org","@graph":[{"@type":"WebPage","@id":"https:\/\/cinier-b.com\/pro\/boutique\/nos-packs\/pour-l-aromatherapie\/duo-de-choc\/","url":"https:\/\/cinier-b.com\/pro\/boutique\/nos-packs\/pour-l-aromatherapie\/duo-de-choc\/","name":"Duo de Choc - Cinier-B pour Professionnels","isPartOf":{"@id":"https:\/\/cinier-b.com\/pro\/#website"},"primaryImageOfPage":{"@id":"https:\/\/cinier-b.com\/pro\/boutique\/nos-packs\/pour-l-aromatherapie\/duo-de-choc\/#primaryimage"},"image":{"@id":"https:\/\/cinier-b.com\/pro\/boutique\/nos-packs\/pour-l-aromatherapie\/duo-de-choc\/#primaryimage"},"thumbnailUrl":"https:\/\/cinier-b.com\/pro\/wp-content\/uploads\/2023\/09\/les-packs-68-1.png","datePublished":"2023-09-26T14:23:07+00:00","dateModified":"2025-01-21T13:46:40+00:00","breadcrumb":{"@id":"https:\/\/cinier-b.com\/pro\/boutique\/nos-packs\/pour-l-aromatherapie\/duo-de-choc\/#breadcrumb"},"inLanguage":"fr-FR","potentialAction":[{"@type":"ReadAction","target":["https:\/\/cinier-b.com\/pro\/boutique\/nos-packs\/pour-l-aromatherapie\/duo-de-choc\/"]}]},{"@type":"ImageObject","inLanguage":"fr-FR","@id":"https:\/\/cinier-b.com\/pro\/boutique\/nos-packs\/pour-l-aromatherapie\/duo-de-choc\/#primaryimage","url":"https:\/\/cinier-b.com\/pro\/wp-content\/uploads\/2023\/09\/les-packs-68-1.png","contentUrl":"https:\/\/cinier-b.com\/pro\/wp-content\/uploads\/2023\/09\/les-packs-68-1.png","width":1080,"height":1080},{"@type":"BreadcrumbList","@id":"https:\/\/cinier-b.com\/pro\/boutique\/nos-packs\/pour-l-aromatherapie\/duo-de-choc\/#breadcrumb","itemListElement":[{"@type":"ListItem","position":1,"name":"Accueil","item":"https:\/\/cinier-b.com\/pro\/accueil\/"},{"@type":"ListItem","position":2,"name":"Boutique","item":"https:\/\/cinier-b.com\/pro\/boutique\/"},{"@type":"ListItem","position":3,"name":"Duo de Choc"}]},{"@type":"WebSite","@id":"https:\/\/cinier-b.com\/pro\/#website","url":"https:\/\/cinier-b.com\/pro\/","name":"Cinier-B pour Professionnels","description":"Laboratoires Cinier-B","potentialAction":[{"@type":"SearchAction","target":{"@type":"EntryPoint","urlTemplate":"https:\/\/cinier-b.com\/pro\/?s={search_term_string}"},"query-input":{"@type":"PropertyValueSpecification","valueRequired":true,"valueName":"search_term_string"}}],"inLanguage":"fr-FR"}]}},"_links":{"self":[{"href":"https:\/\/cinier-b.com\/pro\/wp-json\/wp\/v2\/product\/8596"}],"collection":[{"href":"https:\/\/cinier-b.com\/pro\/wp-json\/wp\/v2\/product"}],"about":[{"href":"https:\/\/cinier-b.com\/pro\/wp-json\/wp\/v2\/types\/product"}],"replies":[{"embeddable":true,"href":"https:\/\/cinier-b.com\/pro\/wp-json\/wp\/v2\/comments?post=8596"}],"wp:featuredmedia":[{"embeddable":true,"href":"https:\/\/cinier-b.com\/pro\/wp-json\/wp\/v2\/media\/9894"}],"wp:attachment":[{"href":"https:\/\/cinier-b.com\/pro\/wp-json\/wp\/v2\/media?parent=8596"}],"wp:term":[{"taxonomy":"product_brand","embeddable":true,"href":"https:\/\/cinier-b.com\/pro\/wp-json\/wp\/v2\/product_brand?post=8596"},{"taxonomy":"product_cat","embeddable":true,"href":"https:\/\/cinier-b.com\/pro\/wp-json\/wp\/v2\/product_cat?post=8596"},{"taxonomy":"product_tag","embeddable":true,"href":"https:\/\/cinier-b.com\/pro\/wp-json\/wp\/v2\/product_tag?post=8596"}],"curies":[{"name":"wp","href":"https:\/\/api.w.org\/{rel}","templated":true}]}}