{"id":7038,"date":"2022-09-28T14:54:22","date_gmt":"2022-09-28T12:54:22","guid":{"rendered":"https:\/\/cinier-b.com\/pro\/?post_type=product&#038;p=7038"},"modified":"2024-09-10T10:39:13","modified_gmt":"2024-09-10T08:39:13","slug":"podorsil-3p-format-decouverte","status":"publish","type":"product","link":"https:\/\/cinier-b.com\/pro\/boutique\/pedicurie-podologie\/orthoplastie\/silicones-podologiques\/podorsil-3p-format-decouverte\/","title":{"rendered":"PODORSIL\u00ae3P Format D\u00e9couverte en kit de 80g"},"content":{"rendered":"<p>Le PODORSIL 3P est maintenant disponible en petit format 80g. Il comprends:<\/p>\n<ul>\n<li>un pot de 3PA de 40g (Partie ferme)<\/li>\n<li>un pot de 3PB20 de 20g (Partie souple)<\/li>\n<li>un pot de 3PB45 de 20g (Partie commune)<\/li>\n<\/ul>\n<h5><\/h5>\n","protected":false},"excerpt":{"rendered":"<h5>Finesse &#8211; Solidit\u00e9 &#8211; Facilit\u00e9 : Id\u00e9al pour l&rsquo;essayer et l&rsquo;adopter !<\/h5>\n","protected":false},"featured_media":7686,"comment_status":"open","ping_status":"closed","template":"","meta":[],"product_brand":[],"product_cat":[103],"product_tag":[135],"class_list":{"0":"post-7038","1":"product","2":"type-product","3":"status-publish","4":"has-post-thumbnail","6":"product_cat-silicones-podologiques","7":"product_tag-new","9":"first","10":"instock","11":"taxable","12":"shipping-taxable","13":"purchasable","14":"product-type-simple"},"yoast_head":"<!-- This site is optimized with the Yoast SEO plugin v25.0 - https:\/\/yoast.com\/wordpress\/plugins\/seo\/ -->\n<title>PODORSIL\u00ae3P Format D\u00e9couverte en kit de 80g - Cinier-B pour Professionnels<\/title>\n<meta name=\"robots\" content=\"index, follow, max-snippet:-1, max-image-preview:large, max-video-preview:-1\" \/>\n<link rel=\"canonical\" href=\"https:\/\/cinier-b.com\/pro\/boutique\/pedicurie-podologie\/orthoplastie\/silicones-podologiques\/podorsil-3p-format-decouverte\/\" \/>\n<meta property=\"og:locale\" content=\"fr_FR\" \/>\n<meta property=\"og:type\" content=\"article\" \/>\n<meta property=\"og:title\" content=\"PODORSIL\u00ae3P Format D\u00e9couverte en kit de 80g - Cinier-B pour Professionnels\" \/>\n<meta property=\"og:description\" content=\"Finesse - Solidit\u00e9 - Facilit\u00e9 : Id\u00e9al pour l&#039;essayer et l&#039;adopter !\" \/>\n<meta property=\"og:url\" content=\"https:\/\/cinier-b.com\/pro\/boutique\/pedicurie-podologie\/orthoplastie\/silicones-podologiques\/podorsil-3p-format-decouverte\/\" \/>\n<meta property=\"og:site_name\" content=\"Cinier-B pour Professionnels\" \/>\n<meta property=\"article:modified_time\" content=\"2024-09-10T08:39:13+00:00\" \/>\n<meta property=\"og:image\" content=\"https:\/\/cinier-b.com\/pro\/wp-content\/uploads\/2022\/09\/I7A0460-450x450-removebg-preview.png\" \/>\n\t<meta property=\"og:image:width\" content=\"450\" \/>\n\t<meta property=\"og:image:height\" content=\"450\" \/>\n\t<meta property=\"og:image:type\" content=\"image\/png\" \/>\n<meta name=\"twitter:card\" content=\"summary_large_image\" \/>\n<meta name=\"twitter:label1\" content=\"Dur\u00e9e de lecture estim\u00e9e\" \/>\n\t<meta name=\"twitter:data1\" content=\"1 minute\" \/>\n<script type=\"application\/ld+json\" class=\"yoast-schema-graph\">{\"@context\":\"https:\/\/schema.org\",\"@graph\":[{\"@type\":\"WebPage\",\"@id\":\"https:\/\/cinier-b.com\/pro\/boutique\/pedicurie-podologie\/orthoplastie\/silicones-podologiques\/podorsil-3p-format-decouverte\/\",\"url\":\"https:\/\/cinier-b.com\/pro\/boutique\/pedicurie-podologie\/orthoplastie\/silicones-podologiques\/podorsil-3p-format-decouverte\/\",\"name\":\"PODORSIL\u00ae3P Format D\u00e9couverte en kit de 80g - Cinier-B pour Professionnels\",\"isPartOf\":{\"@id\":\"https:\/\/cinier-b.com\/pro\/#website\"},\"primaryImageOfPage\":{\"@id\":\"https:\/\/cinier-b.com\/pro\/boutique\/pedicurie-podologie\/orthoplastie\/silicones-podologiques\/podorsil-3p-format-decouverte\/#primaryimage\"},\"image\":{\"@id\":\"https:\/\/cinier-b.com\/pro\/boutique\/pedicurie-podologie\/orthoplastie\/silicones-podologiques\/podorsil-3p-format-decouverte\/#primaryimage\"},\"thumbnailUrl\":\"https:\/\/cinier-b.com\/pro\/wp-content\/uploads\/2022\/09\/I7A0460-450x450-removebg-preview.png\",\"datePublished\":\"2022-09-28T12:54:22+00:00\",\"dateModified\":\"2024-09-10T08:39:13+00:00\",\"breadcrumb\":{\"@id\":\"https:\/\/cinier-b.com\/pro\/boutique\/pedicurie-podologie\/orthoplastie\/silicones-podologiques\/podorsil-3p-format-decouverte\/#breadcrumb\"},\"inLanguage\":\"fr-FR\",\"potentialAction\":[{\"@type\":\"ReadAction\",\"target\":[\"https:\/\/cinier-b.com\/pro\/boutique\/pedicurie-podologie\/orthoplastie\/silicones-podologiques\/podorsil-3p-format-decouverte\/\"]}]},{\"@type\":\"ImageObject\",\"inLanguage\":\"fr-FR\",\"@id\":\"https:\/\/cinier-b.com\/pro\/boutique\/pedicurie-podologie\/orthoplastie\/silicones-podologiques\/podorsil-3p-format-decouverte\/#primaryimage\",\"url\":\"https:\/\/cinier-b.com\/pro\/wp-content\/uploads\/2022\/09\/I7A0460-450x450-removebg-preview.png\",\"contentUrl\":\"https:\/\/cinier-b.com\/pro\/wp-content\/uploads\/2022\/09\/I7A0460-450x450-removebg-preview.png\",\"width\":450,\"height\":450},{\"@type\":\"BreadcrumbList\",\"@id\":\"https:\/\/cinier-b.com\/pro\/boutique\/pedicurie-podologie\/orthoplastie\/silicones-podologiques\/podorsil-3p-format-decouverte\/#breadcrumb\",\"itemListElement\":[{\"@type\":\"ListItem\",\"position\":1,\"name\":\"Accueil\",\"item\":\"https:\/\/cinier-b.com\/pro\/accueil\/\"},{\"@type\":\"ListItem\",\"position\":2,\"name\":\"Boutique\",\"item\":\"https:\/\/cinier-b.com\/pro\/boutique\/\"},{\"@type\":\"ListItem\",\"position\":3,\"name\":\"PODORSIL\u00ae3P Format D\u00e9couverte en kit de 80g\"}]},{\"@type\":\"WebSite\",\"@id\":\"https:\/\/cinier-b.com\/pro\/#website\",\"url\":\"https:\/\/cinier-b.com\/pro\/\",\"name\":\"Cinier-B pour Professionnels\",\"description\":\"Laboratoires Cinier-B\",\"potentialAction\":[{\"@type\":\"SearchAction\",\"target\":{\"@type\":\"EntryPoint\",\"urlTemplate\":\"https:\/\/cinier-b.com\/pro\/?s={search_term_string}\"},\"query-input\":{\"@type\":\"PropertyValueSpecification\",\"valueRequired\":true,\"valueName\":\"search_term_string\"}}],\"inLanguage\":\"fr-FR\"}]}<\/script>\n<!-- \/ Yoast SEO plugin. -->","yoast_head_json":{"title":"PODORSIL\u00ae3P Format D\u00e9couverte en kit de 80g - Cinier-B pour Professionnels","robots":{"index":"index","follow":"follow","max-snippet":"max-snippet:-1","max-image-preview":"max-image-preview:large","max-video-preview":"max-video-preview:-1"},"canonical":"https:\/\/cinier-b.com\/pro\/boutique\/pedicurie-podologie\/orthoplastie\/silicones-podologiques\/podorsil-3p-format-decouverte\/","og_locale":"fr_FR","og_type":"article","og_title":"PODORSIL\u00ae3P Format D\u00e9couverte en kit de 80g - Cinier-B pour Professionnels","og_description":"Finesse - Solidit\u00e9 - Facilit\u00e9 : Id\u00e9al pour l'essayer et l'adopter !","og_url":"https:\/\/cinier-b.com\/pro\/boutique\/pedicurie-podologie\/orthoplastie\/silicones-podologiques\/podorsil-3p-format-decouverte\/","og_site_name":"Cinier-B pour Professionnels","article_modified_time":"2024-09-10T08:39:13+00:00","og_image":[{"width":450,"height":450,"url":"https:\/\/cinier-b.com\/pro\/wp-content\/uploads\/2022\/09\/I7A0460-450x450-removebg-preview.png","type":"image\/png"}],"twitter_card":"summary_large_image","twitter_misc":{"Dur\u00e9e de lecture estim\u00e9e":"1 minute"},"schema":{"@context":"https:\/\/schema.org","@graph":[{"@type":"WebPage","@id":"https:\/\/cinier-b.com\/pro\/boutique\/pedicurie-podologie\/orthoplastie\/silicones-podologiques\/podorsil-3p-format-decouverte\/","url":"https:\/\/cinier-b.com\/pro\/boutique\/pedicurie-podologie\/orthoplastie\/silicones-podologiques\/podorsil-3p-format-decouverte\/","name":"PODORSIL\u00ae3P Format D\u00e9couverte en kit de 80g - Cinier-B pour Professionnels","isPartOf":{"@id":"https:\/\/cinier-b.com\/pro\/#website"},"primaryImageOfPage":{"@id":"https:\/\/cinier-b.com\/pro\/boutique\/pedicurie-podologie\/orthoplastie\/silicones-podologiques\/podorsil-3p-format-decouverte\/#primaryimage"},"image":{"@id":"https:\/\/cinier-b.com\/pro\/boutique\/pedicurie-podologie\/orthoplastie\/silicones-podologiques\/podorsil-3p-format-decouverte\/#primaryimage"},"thumbnailUrl":"https:\/\/cinier-b.com\/pro\/wp-content\/uploads\/2022\/09\/I7A0460-450x450-removebg-preview.png","datePublished":"2022-09-28T12:54:22+00:00","dateModified":"2024-09-10T08:39:13+00:00","breadcrumb":{"@id":"https:\/\/cinier-b.com\/pro\/boutique\/pedicurie-podologie\/orthoplastie\/silicones-podologiques\/podorsil-3p-format-decouverte\/#breadcrumb"},"inLanguage":"fr-FR","potentialAction":[{"@type":"ReadAction","target":["https:\/\/cinier-b.com\/pro\/boutique\/pedicurie-podologie\/orthoplastie\/silicones-podologiques\/podorsil-3p-format-decouverte\/"]}]},{"@type":"ImageObject","inLanguage":"fr-FR","@id":"https:\/\/cinier-b.com\/pro\/boutique\/pedicurie-podologie\/orthoplastie\/silicones-podologiques\/podorsil-3p-format-decouverte\/#primaryimage","url":"https:\/\/cinier-b.com\/pro\/wp-content\/uploads\/2022\/09\/I7A0460-450x450-removebg-preview.png","contentUrl":"https:\/\/cinier-b.com\/pro\/wp-content\/uploads\/2022\/09\/I7A0460-450x450-removebg-preview.png","width":450,"height":450},{"@type":"BreadcrumbList","@id":"https:\/\/cinier-b.com\/pro\/boutique\/pedicurie-podologie\/orthoplastie\/silicones-podologiques\/podorsil-3p-format-decouverte\/#breadcrumb","itemListElement":[{"@type":"ListItem","position":1,"name":"Accueil","item":"https:\/\/cinier-b.com\/pro\/accueil\/"},{"@type":"ListItem","position":2,"name":"Boutique","item":"https:\/\/cinier-b.com\/pro\/boutique\/"},{"@type":"ListItem","position":3,"name":"PODORSIL\u00ae3P Format D\u00e9couverte en kit de 80g"}]},{"@type":"WebSite","@id":"https:\/\/cinier-b.com\/pro\/#website","url":"https:\/\/cinier-b.com\/pro\/","name":"Cinier-B pour Professionnels","description":"Laboratoires Cinier-B","potentialAction":[{"@type":"SearchAction","target":{"@type":"EntryPoint","urlTemplate":"https:\/\/cinier-b.com\/pro\/?s={search_term_string}"},"query-input":{"@type":"PropertyValueSpecification","valueRequired":true,"valueName":"search_term_string"}}],"inLanguage":"fr-FR"}]}},"_links":{"self":[{"href":"https:\/\/cinier-b.com\/pro\/wp-json\/wp\/v2\/product\/7038"}],"collection":[{"href":"https:\/\/cinier-b.com\/pro\/wp-json\/wp\/v2\/product"}],"about":[{"href":"https:\/\/cinier-b.com\/pro\/wp-json\/wp\/v2\/types\/product"}],"replies":[{"embeddable":true,"href":"https:\/\/cinier-b.com\/pro\/wp-json\/wp\/v2\/comments?post=7038"}],"wp:featuredmedia":[{"embeddable":true,"href":"https:\/\/cinier-b.com\/pro\/wp-json\/wp\/v2\/media\/7686"}],"wp:attachment":[{"href":"https:\/\/cinier-b.com\/pro\/wp-json\/wp\/v2\/media?parent=7038"}],"wp:term":[{"taxonomy":"product_brand","embeddable":true,"href":"https:\/\/cinier-b.com\/pro\/wp-json\/wp\/v2\/product_brand?post=7038"},{"taxonomy":"product_cat","embeddable":true,"href":"https:\/\/cinier-b.com\/pro\/wp-json\/wp\/v2\/product_cat?post=7038"},{"taxonomy":"product_tag","embeddable":true,"href":"https:\/\/cinier-b.com\/pro\/wp-json\/wp\/v2\/product_tag?post=7038"}],"curies":[{"name":"wp","href":"https:\/\/api.w.org\/{rel}","templated":true}]}}