{"id":3485,"date":"2021-02-23T15:09:00","date_gmt":"2021-02-23T14:09:00","guid":{"rendered":"https:\/\/professionnels.cinier-b.com\/?post_type=product&#038;p=3485"},"modified":"2024-02-22T15:35:40","modified_gmt":"2024-02-22T14:35:40","slug":"podorsil-34","status":"publish","type":"product","link":"https:\/\/cinier-b.com\/pro\/boutique\/pedicurie-podologie\/orthoplastie\/silicones-podologiques\/podorsil-34\/","title":{"rendered":"PODORSIL\u00ae34  Kit Duo A+B Duret\u00e9 34 Shore"},"content":{"rendered":"<p>Le PODORSIL\u00ae 34 est un \u00e9lastom\u00e8re de silicone bi-composant polyaddition, de duret\u00e9 shore interm\u00e9diaire, souple, \u00e0 haut coefficient de r\u00e9sistance au d\u00e9chirement, pour toutes les techniques d\u2019 orthoplasties dont l\u2019insertion de trame.<\/p>\n<blockquote>\n<h6>Avantages<\/h6>\n<\/blockquote>\n<ul>\n<li>Duret\u00e9 Shore \u00e9tudi\u00e9e pour la r\u00e9alisation d\u2019orthoplasties ULTRA-FINES TRAM\u00c9ES.<\/li>\n<li>Tr\u00e8s bonnes propri\u00e9t\u00e9s m\u00e9caniques<\/li>\n<li>Facilement pon\u00e7able, rechargeable<\/li>\n<li>Tr\u00e8s basse r\u00e9traction lin\u00e9aire<\/li>\n<li>Absence de d\u00e9riv\u00e9s irritants autorisant un travail \u00e0 la main des parties A et B avant r\u00e9ticulation car il contient des sels de platine et non des sels d\u2019\u00c9tain (interdit en usage cutan\u00e9)<\/li>\n<li>Aucun d\u00e9gagement de substances toxiques avant ni apr\u00e8s la polym\u00e9risation.<\/li>\n<\/ul>\n","protected":false},"excerpt":{"rendered":"<p>Finesse &#8211; R\u00e9sistance &#8211; Confort:\u00a0 Shore\u00a0 id\u00e9al pour les orthoplasties ULTRA FINES et TRAM\u00c9ES<\/p>\n","protected":false},"featured_media":5260,"comment_status":"open","ping_status":"closed","template":"","meta":[],"product_brand":[],"product_cat":[140,103],"product_tag":[],"class_list":{"0":"post-3485","1":"product","2":"type-product","3":"status-publish","4":"has-post-thumbnail","6":"product_cat-silicones","7":"product_cat-silicones-podologiques","9":"first","10":"instock","11":"taxable","12":"shipping-taxable","13":"purchasable","14":"product-type-variable"},"yoast_head":"<!-- This site is optimized with the Yoast SEO plugin v25.0 - https:\/\/yoast.com\/wordpress\/plugins\/seo\/ -->\n<title>PODORSIL\u00ae34 Kit Duo A+B Duret\u00e9 34 Shore - Cinier-B pour Professionnels<\/title>\n<meta name=\"robots\" content=\"index, follow, max-snippet:-1, max-image-preview:large, max-video-preview:-1\" \/>\n<link rel=\"canonical\" href=\"https:\/\/cinier-b.com\/pro\/boutique\/pedicurie-podologie\/orthoplastie\/silicones-podologiques\/podorsil-34\/\" \/>\n<meta property=\"og:locale\" content=\"fr_FR\" \/>\n<meta property=\"og:type\" content=\"article\" \/>\n<meta property=\"og:title\" content=\"PODORSIL\u00ae34 Kit Duo A+B Duret\u00e9 34 Shore - Cinier-B pour Professionnels\" \/>\n<meta property=\"og:description\" content=\"Finesse - R\u00e9sistance - Confort:\u00a0 Shore\u00a0 id\u00e9al pour les orthoplasties ULTRA FINES et TRAM\u00c9ES\" \/>\n<meta property=\"og:url\" content=\"https:\/\/cinier-b.com\/pro\/boutique\/pedicurie-podologie\/orthoplastie\/silicones-podologiques\/podorsil-34\/\" \/>\n<meta property=\"og:site_name\" content=\"Cinier-B pour Professionnels\" \/>\n<meta property=\"article:modified_time\" content=\"2024-02-22T14:35:40+00:00\" \/>\n<meta property=\"og:image\" content=\"https:\/\/cinier-b.com\/pro\/wp-content\/uploads\/2021\/02\/PODORSIL-34.jpg\" \/>\n\t<meta property=\"og:image:width\" content=\"800\" \/>\n\t<meta property=\"og:image:height\" content=\"800\" \/>\n\t<meta property=\"og:image:type\" content=\"image\/jpeg\" \/>\n<meta name=\"twitter:card\" content=\"summary_large_image\" \/>\n<meta name=\"twitter:label1\" content=\"Dur\u00e9e de lecture estim\u00e9e\" \/>\n\t<meta name=\"twitter:data1\" content=\"1 minute\" \/>\n<script type=\"application\/ld+json\" class=\"yoast-schema-graph\">{\"@context\":\"https:\/\/schema.org\",\"@graph\":[{\"@type\":\"WebPage\",\"@id\":\"https:\/\/cinier-b.com\/pro\/boutique\/pedicurie-podologie\/orthoplastie\/silicones-podologiques\/podorsil-34\/\",\"url\":\"https:\/\/cinier-b.com\/pro\/boutique\/pedicurie-podologie\/orthoplastie\/silicones-podologiques\/podorsil-34\/\",\"name\":\"PODORSIL\u00ae34 Kit Duo A+B Duret\u00e9 34 Shore - Cinier-B pour Professionnels\",\"isPartOf\":{\"@id\":\"https:\/\/cinier-b.com\/pro\/#website\"},\"primaryImageOfPage\":{\"@id\":\"https:\/\/cinier-b.com\/pro\/boutique\/pedicurie-podologie\/orthoplastie\/silicones-podologiques\/podorsil-34\/#primaryimage\"},\"image\":{\"@id\":\"https:\/\/cinier-b.com\/pro\/boutique\/pedicurie-podologie\/orthoplastie\/silicones-podologiques\/podorsil-34\/#primaryimage\"},\"thumbnailUrl\":\"https:\/\/cinier-b.com\/pro\/wp-content\/uploads\/2021\/02\/PODORSIL-34.jpg\",\"datePublished\":\"2021-02-23T14:09:00+00:00\",\"dateModified\":\"2024-02-22T14:35:40+00:00\",\"breadcrumb\":{\"@id\":\"https:\/\/cinier-b.com\/pro\/boutique\/pedicurie-podologie\/orthoplastie\/silicones-podologiques\/podorsil-34\/#breadcrumb\"},\"inLanguage\":\"fr-FR\",\"potentialAction\":[{\"@type\":\"ReadAction\",\"target\":[\"https:\/\/cinier-b.com\/pro\/boutique\/pedicurie-podologie\/orthoplastie\/silicones-podologiques\/podorsil-34\/\"]}]},{\"@type\":\"ImageObject\",\"inLanguage\":\"fr-FR\",\"@id\":\"https:\/\/cinier-b.com\/pro\/boutique\/pedicurie-podologie\/orthoplastie\/silicones-podologiques\/podorsil-34\/#primaryimage\",\"url\":\"https:\/\/cinier-b.com\/pro\/wp-content\/uploads\/2021\/02\/PODORSIL-34.jpg\",\"contentUrl\":\"https:\/\/cinier-b.com\/pro\/wp-content\/uploads\/2021\/02\/PODORSIL-34.jpg\",\"width\":800,\"height\":800},{\"@type\":\"BreadcrumbList\",\"@id\":\"https:\/\/cinier-b.com\/pro\/boutique\/pedicurie-podologie\/orthoplastie\/silicones-podologiques\/podorsil-34\/#breadcrumb\",\"itemListElement\":[{\"@type\":\"ListItem\",\"position\":1,\"name\":\"Accueil\",\"item\":\"https:\/\/cinier-b.com\/pro\/accueil\/\"},{\"@type\":\"ListItem\",\"position\":2,\"name\":\"Boutique\",\"item\":\"https:\/\/cinier-b.com\/pro\/boutique\/\"},{\"@type\":\"ListItem\",\"position\":3,\"name\":\"PODORSIL\u00ae34 Kit Duo A+B Duret\u00e9 34 Shore\"}]},{\"@type\":\"WebSite\",\"@id\":\"https:\/\/cinier-b.com\/pro\/#website\",\"url\":\"https:\/\/cinier-b.com\/pro\/\",\"name\":\"Cinier-B pour Professionnels\",\"description\":\"Laboratoires Cinier-B\",\"potentialAction\":[{\"@type\":\"SearchAction\",\"target\":{\"@type\":\"EntryPoint\",\"urlTemplate\":\"https:\/\/cinier-b.com\/pro\/?s={search_term_string}\"},\"query-input\":{\"@type\":\"PropertyValueSpecification\",\"valueRequired\":true,\"valueName\":\"search_term_string\"}}],\"inLanguage\":\"fr-FR\"}]}<\/script>\n<!-- \/ Yoast SEO plugin. -->","yoast_head_json":{"title":"PODORSIL\u00ae34 Kit Duo A+B Duret\u00e9 34 Shore - Cinier-B pour Professionnels","robots":{"index":"index","follow":"follow","max-snippet":"max-snippet:-1","max-image-preview":"max-image-preview:large","max-video-preview":"max-video-preview:-1"},"canonical":"https:\/\/cinier-b.com\/pro\/boutique\/pedicurie-podologie\/orthoplastie\/silicones-podologiques\/podorsil-34\/","og_locale":"fr_FR","og_type":"article","og_title":"PODORSIL\u00ae34 Kit Duo A+B Duret\u00e9 34 Shore - Cinier-B pour Professionnels","og_description":"Finesse - R\u00e9sistance - Confort:\u00a0 Shore\u00a0 id\u00e9al pour les orthoplasties ULTRA FINES et TRAM\u00c9ES","og_url":"https:\/\/cinier-b.com\/pro\/boutique\/pedicurie-podologie\/orthoplastie\/silicones-podologiques\/podorsil-34\/","og_site_name":"Cinier-B pour Professionnels","article_modified_time":"2024-02-22T14:35:40+00:00","og_image":[{"width":800,"height":800,"url":"https:\/\/cinier-b.com\/pro\/wp-content\/uploads\/2021\/02\/PODORSIL-34.jpg","type":"image\/jpeg"}],"twitter_card":"summary_large_image","twitter_misc":{"Dur\u00e9e de lecture estim\u00e9e":"1 minute"},"schema":{"@context":"https:\/\/schema.org","@graph":[{"@type":"WebPage","@id":"https:\/\/cinier-b.com\/pro\/boutique\/pedicurie-podologie\/orthoplastie\/silicones-podologiques\/podorsil-34\/","url":"https:\/\/cinier-b.com\/pro\/boutique\/pedicurie-podologie\/orthoplastie\/silicones-podologiques\/podorsil-34\/","name":"PODORSIL\u00ae34 Kit Duo A+B Duret\u00e9 34 Shore - Cinier-B pour Professionnels","isPartOf":{"@id":"https:\/\/cinier-b.com\/pro\/#website"},"primaryImageOfPage":{"@id":"https:\/\/cinier-b.com\/pro\/boutique\/pedicurie-podologie\/orthoplastie\/silicones-podologiques\/podorsil-34\/#primaryimage"},"image":{"@id":"https:\/\/cinier-b.com\/pro\/boutique\/pedicurie-podologie\/orthoplastie\/silicones-podologiques\/podorsil-34\/#primaryimage"},"thumbnailUrl":"https:\/\/cinier-b.com\/pro\/wp-content\/uploads\/2021\/02\/PODORSIL-34.jpg","datePublished":"2021-02-23T14:09:00+00:00","dateModified":"2024-02-22T14:35:40+00:00","breadcrumb":{"@id":"https:\/\/cinier-b.com\/pro\/boutique\/pedicurie-podologie\/orthoplastie\/silicones-podologiques\/podorsil-34\/#breadcrumb"},"inLanguage":"fr-FR","potentialAction":[{"@type":"ReadAction","target":["https:\/\/cinier-b.com\/pro\/boutique\/pedicurie-podologie\/orthoplastie\/silicones-podologiques\/podorsil-34\/"]}]},{"@type":"ImageObject","inLanguage":"fr-FR","@id":"https:\/\/cinier-b.com\/pro\/boutique\/pedicurie-podologie\/orthoplastie\/silicones-podologiques\/podorsil-34\/#primaryimage","url":"https:\/\/cinier-b.com\/pro\/wp-content\/uploads\/2021\/02\/PODORSIL-34.jpg","contentUrl":"https:\/\/cinier-b.com\/pro\/wp-content\/uploads\/2021\/02\/PODORSIL-34.jpg","width":800,"height":800},{"@type":"BreadcrumbList","@id":"https:\/\/cinier-b.com\/pro\/boutique\/pedicurie-podologie\/orthoplastie\/silicones-podologiques\/podorsil-34\/#breadcrumb","itemListElement":[{"@type":"ListItem","position":1,"name":"Accueil","item":"https:\/\/cinier-b.com\/pro\/accueil\/"},{"@type":"ListItem","position":2,"name":"Boutique","item":"https:\/\/cinier-b.com\/pro\/boutique\/"},{"@type":"ListItem","position":3,"name":"PODORSIL\u00ae34 Kit Duo A+B Duret\u00e9 34 Shore"}]},{"@type":"WebSite","@id":"https:\/\/cinier-b.com\/pro\/#website","url":"https:\/\/cinier-b.com\/pro\/","name":"Cinier-B pour Professionnels","description":"Laboratoires Cinier-B","potentialAction":[{"@type":"SearchAction","target":{"@type":"EntryPoint","urlTemplate":"https:\/\/cinier-b.com\/pro\/?s={search_term_string}"},"query-input":{"@type":"PropertyValueSpecification","valueRequired":true,"valueName":"search_term_string"}}],"inLanguage":"fr-FR"}]}},"_links":{"self":[{"href":"https:\/\/cinier-b.com\/pro\/wp-json\/wp\/v2\/product\/3485"}],"collection":[{"href":"https:\/\/cinier-b.com\/pro\/wp-json\/wp\/v2\/product"}],"about":[{"href":"https:\/\/cinier-b.com\/pro\/wp-json\/wp\/v2\/types\/product"}],"replies":[{"embeddable":true,"href":"https:\/\/cinier-b.com\/pro\/wp-json\/wp\/v2\/comments?post=3485"}],"wp:featuredmedia":[{"embeddable":true,"href":"https:\/\/cinier-b.com\/pro\/wp-json\/wp\/v2\/media\/5260"}],"wp:attachment":[{"href":"https:\/\/cinier-b.com\/pro\/wp-json\/wp\/v2\/media?parent=3485"}],"wp:term":[{"taxonomy":"product_brand","embeddable":true,"href":"https:\/\/cinier-b.com\/pro\/wp-json\/wp\/v2\/product_brand?post=3485"},{"taxonomy":"product_cat","embeddable":true,"href":"https:\/\/cinier-b.com\/pro\/wp-json\/wp\/v2\/product_cat?post=3485"},{"taxonomy":"product_tag","embeddable":true,"href":"https:\/\/cinier-b.com\/pro\/wp-json\/wp\/v2\/product_tag?post=3485"}],"curies":[{"name":"wp","href":"https:\/\/api.w.org\/{rel}","templated":true}]}}