{"id":3466,"date":"2021-02-23T13:38:45","date_gmt":"2021-02-23T12:38:45","guid":{"rendered":"https:\/\/professionnels.cinier-b.com\/?post_type=product&#038;p=3466"},"modified":"2024-10-14T15:58:49","modified_gmt":"2024-10-14T13:58:49","slug":"podorsil-3p","status":"publish","type":"product","link":"https:\/\/cinier-b.com\/pro\/boutique\/pedicurie-podologie\/orthoplastie\/silicones-podologiques\/podorsil-3p\/","title":{"rendered":"PODORSIL\u00ae3P de 20 \u00e0 45 Shore en kit ou au d\u00e9tail"},"content":{"rendered":"<p>&#8211; Utilisable dans toutes les techniques d&rsquo;orthoplastie, sur le pied en d\u00e9charge, en charge et en dynamique.<\/p>\n<p>&#8211; R\u00e9alisation d&rsquo;orthoplasties de protection et de correction gr\u00e2ce \u00e0 ses diff\u00e9rentes duret\u00e9s shore.<\/p>\n<p>&#8211; Personnalisation suppl\u00e9mentaire en m\u00e9langeant le B20 et le B45.<\/p>\n<p>&#8211; Tr\u00e8s facilement pon\u00e7able, rechargeable.<\/p>\n<p>&#8211; Absence de d\u00e9riv\u00e9s irritants autorisant un travail \u00e0 la main des parties A et B avant polym\u00e9risation.<\/p>\n<p>Le dosage se fait \u00e0 parts \u00e9gales partie A et partie B (soit 50% B20 ou\u00a0 50% B45 ou un m\u00e9lange de B20 et B45 pour obtenir des duret\u00e9s interm\u00e9diaires).<\/p>\n","protected":false},"excerpt":{"rendered":"<blockquote>\n<h5>Finesse &#8211; solidit\u00e9 &#8211; facilit\u00e9\u00a0\u00a0 Le PODORSIL\u00ae 3P signe l&rsquo;excellence en orthoplastie.<\/h5>\n<\/blockquote>\n<p>Elastom\u00e8re de silicone bi-composant polyaddition \u00e0 tr\u00e8s haut coefficient de r\u00e9sistance au d\u00e9chirement et \u00e0 l&rsquo;allongement. Ce produit est id\u00e9al pour la r\u00e9alisation d&rsquo;orthoplasties.<\/p>\n","protected":false},"featured_media":5261,"comment_status":"open","ping_status":"closed","template":"","meta":[],"product_brand":[],"product_cat":[140,103],"product_tag":[],"class_list":{"0":"post-3466","1":"product","2":"type-product","3":"status-publish","4":"has-post-thumbnail","6":"product_cat-silicones","7":"product_cat-silicones-podologiques","9":"first","10":"instock","11":"taxable","12":"shipping-taxable","13":"purchasable","14":"product-type-variable"},"yoast_head":"<!-- This site is optimized with the Yoast SEO plugin v25.0 - https:\/\/yoast.com\/wordpress\/plugins\/seo\/ -->\n<title>PODORSIL\u00ae3P de 20 \u00e0 45 Shore en kit ou au d\u00e9tail - Cinier-B pour Professionnels<\/title>\n<meta name=\"robots\" content=\"index, follow, max-snippet:-1, max-image-preview:large, max-video-preview:-1\" \/>\n<link rel=\"canonical\" href=\"https:\/\/cinier-b.com\/pro\/boutique\/pedicurie-podologie\/orthoplastie\/silicones-podologiques\/podorsil-3p\/\" \/>\n<meta property=\"og:locale\" content=\"fr_FR\" \/>\n<meta property=\"og:type\" content=\"article\" \/>\n<meta property=\"og:title\" content=\"PODORSIL\u00ae3P de 20 \u00e0 45 Shore en kit ou au d\u00e9tail - Cinier-B pour Professionnels\" \/>\n<meta property=\"og:description\" content=\"Finesse - solidit\u00e9 - facilit\u00e9\u00a0\u00a0 Le PODORSIL\u00ae 3P signe l&#039;excellence en orthoplastie.  Elastom\u00e8re de silicone bi-composant polyaddition \u00e0 tr\u00e8s haut coefficient de r\u00e9sistance au d\u00e9chirement et \u00e0 l&#039;allongement. Ce produit est id\u00e9al pour la r\u00e9alisation d&#039;orthoplasties.\" \/>\n<meta property=\"og:url\" content=\"https:\/\/cinier-b.com\/pro\/boutique\/pedicurie-podologie\/orthoplastie\/silicones-podologiques\/podorsil-3p\/\" \/>\n<meta property=\"og:site_name\" content=\"Cinier-B pour Professionnels\" \/>\n<meta property=\"article:modified_time\" content=\"2024-10-14T13:58:49+00:00\" \/>\n<meta property=\"og:image\" content=\"https:\/\/cinier-b.com\/pro\/wp-content\/uploads\/2021\/02\/PODORSIL-3P.jpg\" \/>\n\t<meta property=\"og:image:width\" content=\"800\" \/>\n\t<meta property=\"og:image:height\" content=\"800\" \/>\n\t<meta property=\"og:image:type\" content=\"image\/jpeg\" \/>\n<meta name=\"twitter:card\" content=\"summary_large_image\" \/>\n<meta name=\"twitter:label1\" content=\"Dur\u00e9e de lecture estim\u00e9e\" \/>\n\t<meta name=\"twitter:data1\" content=\"1 minute\" \/>\n<script type=\"application\/ld+json\" class=\"yoast-schema-graph\">{\"@context\":\"https:\/\/schema.org\",\"@graph\":[{\"@type\":\"WebPage\",\"@id\":\"https:\/\/cinier-b.com\/pro\/boutique\/pedicurie-podologie\/orthoplastie\/silicones-podologiques\/podorsil-3p\/\",\"url\":\"https:\/\/cinier-b.com\/pro\/boutique\/pedicurie-podologie\/orthoplastie\/silicones-podologiques\/podorsil-3p\/\",\"name\":\"PODORSIL\u00ae3P de 20 \u00e0 45 Shore en kit ou au d\u00e9tail - Cinier-B pour Professionnels\",\"isPartOf\":{\"@id\":\"https:\/\/cinier-b.com\/pro\/#website\"},\"primaryImageOfPage\":{\"@id\":\"https:\/\/cinier-b.com\/pro\/boutique\/pedicurie-podologie\/orthoplastie\/silicones-podologiques\/podorsil-3p\/#primaryimage\"},\"image\":{\"@id\":\"https:\/\/cinier-b.com\/pro\/boutique\/pedicurie-podologie\/orthoplastie\/silicones-podologiques\/podorsil-3p\/#primaryimage\"},\"thumbnailUrl\":\"https:\/\/cinier-b.com\/pro\/wp-content\/uploads\/2021\/02\/PODORSIL-3P.jpg\",\"datePublished\":\"2021-02-23T12:38:45+00:00\",\"dateModified\":\"2024-10-14T13:58:49+00:00\",\"breadcrumb\":{\"@id\":\"https:\/\/cinier-b.com\/pro\/boutique\/pedicurie-podologie\/orthoplastie\/silicones-podologiques\/podorsil-3p\/#breadcrumb\"},\"inLanguage\":\"fr-FR\",\"potentialAction\":[{\"@type\":\"ReadAction\",\"target\":[\"https:\/\/cinier-b.com\/pro\/boutique\/pedicurie-podologie\/orthoplastie\/silicones-podologiques\/podorsil-3p\/\"]}]},{\"@type\":\"ImageObject\",\"inLanguage\":\"fr-FR\",\"@id\":\"https:\/\/cinier-b.com\/pro\/boutique\/pedicurie-podologie\/orthoplastie\/silicones-podologiques\/podorsil-3p\/#primaryimage\",\"url\":\"https:\/\/cinier-b.com\/pro\/wp-content\/uploads\/2021\/02\/PODORSIL-3P.jpg\",\"contentUrl\":\"https:\/\/cinier-b.com\/pro\/wp-content\/uploads\/2021\/02\/PODORSIL-3P.jpg\",\"width\":800,\"height\":800},{\"@type\":\"BreadcrumbList\",\"@id\":\"https:\/\/cinier-b.com\/pro\/boutique\/pedicurie-podologie\/orthoplastie\/silicones-podologiques\/podorsil-3p\/#breadcrumb\",\"itemListElement\":[{\"@type\":\"ListItem\",\"position\":1,\"name\":\"Accueil\",\"item\":\"https:\/\/cinier-b.com\/pro\/accueil\/\"},{\"@type\":\"ListItem\",\"position\":2,\"name\":\"Boutique\",\"item\":\"https:\/\/cinier-b.com\/pro\/boutique\/\"},{\"@type\":\"ListItem\",\"position\":3,\"name\":\"PODORSIL\u00ae3P de 20 \u00e0 45 Shore en kit ou au d\u00e9tail\"}]},{\"@type\":\"WebSite\",\"@id\":\"https:\/\/cinier-b.com\/pro\/#website\",\"url\":\"https:\/\/cinier-b.com\/pro\/\",\"name\":\"Cinier-B pour Professionnels\",\"description\":\"Laboratoires Cinier-B\",\"potentialAction\":[{\"@type\":\"SearchAction\",\"target\":{\"@type\":\"EntryPoint\",\"urlTemplate\":\"https:\/\/cinier-b.com\/pro\/?s={search_term_string}\"},\"query-input\":{\"@type\":\"PropertyValueSpecification\",\"valueRequired\":true,\"valueName\":\"search_term_string\"}}],\"inLanguage\":\"fr-FR\"}]}<\/script>\n<!-- \/ Yoast SEO plugin. -->","yoast_head_json":{"title":"PODORSIL\u00ae3P de 20 \u00e0 45 Shore en kit ou au d\u00e9tail - Cinier-B pour Professionnels","robots":{"index":"index","follow":"follow","max-snippet":"max-snippet:-1","max-image-preview":"max-image-preview:large","max-video-preview":"max-video-preview:-1"},"canonical":"https:\/\/cinier-b.com\/pro\/boutique\/pedicurie-podologie\/orthoplastie\/silicones-podologiques\/podorsil-3p\/","og_locale":"fr_FR","og_type":"article","og_title":"PODORSIL\u00ae3P de 20 \u00e0 45 Shore en kit ou au d\u00e9tail - Cinier-B pour Professionnels","og_description":"Finesse - solidit\u00e9 - facilit\u00e9\u00a0\u00a0 Le PODORSIL\u00ae 3P signe l'excellence en orthoplastie.  Elastom\u00e8re de silicone bi-composant polyaddition \u00e0 tr\u00e8s haut coefficient de r\u00e9sistance au d\u00e9chirement et \u00e0 l'allongement. Ce produit est id\u00e9al pour la r\u00e9alisation d'orthoplasties.","og_url":"https:\/\/cinier-b.com\/pro\/boutique\/pedicurie-podologie\/orthoplastie\/silicones-podologiques\/podorsil-3p\/","og_site_name":"Cinier-B pour Professionnels","article_modified_time":"2024-10-14T13:58:49+00:00","og_image":[{"width":800,"height":800,"url":"https:\/\/cinier-b.com\/pro\/wp-content\/uploads\/2021\/02\/PODORSIL-3P.jpg","type":"image\/jpeg"}],"twitter_card":"summary_large_image","twitter_misc":{"Dur\u00e9e de lecture estim\u00e9e":"1 minute"},"schema":{"@context":"https:\/\/schema.org","@graph":[{"@type":"WebPage","@id":"https:\/\/cinier-b.com\/pro\/boutique\/pedicurie-podologie\/orthoplastie\/silicones-podologiques\/podorsil-3p\/","url":"https:\/\/cinier-b.com\/pro\/boutique\/pedicurie-podologie\/orthoplastie\/silicones-podologiques\/podorsil-3p\/","name":"PODORSIL\u00ae3P de 20 \u00e0 45 Shore en kit ou au d\u00e9tail - Cinier-B pour Professionnels","isPartOf":{"@id":"https:\/\/cinier-b.com\/pro\/#website"},"primaryImageOfPage":{"@id":"https:\/\/cinier-b.com\/pro\/boutique\/pedicurie-podologie\/orthoplastie\/silicones-podologiques\/podorsil-3p\/#primaryimage"},"image":{"@id":"https:\/\/cinier-b.com\/pro\/boutique\/pedicurie-podologie\/orthoplastie\/silicones-podologiques\/podorsil-3p\/#primaryimage"},"thumbnailUrl":"https:\/\/cinier-b.com\/pro\/wp-content\/uploads\/2021\/02\/PODORSIL-3P.jpg","datePublished":"2021-02-23T12:38:45+00:00","dateModified":"2024-10-14T13:58:49+00:00","breadcrumb":{"@id":"https:\/\/cinier-b.com\/pro\/boutique\/pedicurie-podologie\/orthoplastie\/silicones-podologiques\/podorsil-3p\/#breadcrumb"},"inLanguage":"fr-FR","potentialAction":[{"@type":"ReadAction","target":["https:\/\/cinier-b.com\/pro\/boutique\/pedicurie-podologie\/orthoplastie\/silicones-podologiques\/podorsil-3p\/"]}]},{"@type":"ImageObject","inLanguage":"fr-FR","@id":"https:\/\/cinier-b.com\/pro\/boutique\/pedicurie-podologie\/orthoplastie\/silicones-podologiques\/podorsil-3p\/#primaryimage","url":"https:\/\/cinier-b.com\/pro\/wp-content\/uploads\/2021\/02\/PODORSIL-3P.jpg","contentUrl":"https:\/\/cinier-b.com\/pro\/wp-content\/uploads\/2021\/02\/PODORSIL-3P.jpg","width":800,"height":800},{"@type":"BreadcrumbList","@id":"https:\/\/cinier-b.com\/pro\/boutique\/pedicurie-podologie\/orthoplastie\/silicones-podologiques\/podorsil-3p\/#breadcrumb","itemListElement":[{"@type":"ListItem","position":1,"name":"Accueil","item":"https:\/\/cinier-b.com\/pro\/accueil\/"},{"@type":"ListItem","position":2,"name":"Boutique","item":"https:\/\/cinier-b.com\/pro\/boutique\/"},{"@type":"ListItem","position":3,"name":"PODORSIL\u00ae3P de 20 \u00e0 45 Shore en kit ou au d\u00e9tail"}]},{"@type":"WebSite","@id":"https:\/\/cinier-b.com\/pro\/#website","url":"https:\/\/cinier-b.com\/pro\/","name":"Cinier-B pour Professionnels","description":"Laboratoires Cinier-B","potentialAction":[{"@type":"SearchAction","target":{"@type":"EntryPoint","urlTemplate":"https:\/\/cinier-b.com\/pro\/?s={search_term_string}"},"query-input":{"@type":"PropertyValueSpecification","valueRequired":true,"valueName":"search_term_string"}}],"inLanguage":"fr-FR"}]}},"_links":{"self":[{"href":"https:\/\/cinier-b.com\/pro\/wp-json\/wp\/v2\/product\/3466"}],"collection":[{"href":"https:\/\/cinier-b.com\/pro\/wp-json\/wp\/v2\/product"}],"about":[{"href":"https:\/\/cinier-b.com\/pro\/wp-json\/wp\/v2\/types\/product"}],"replies":[{"embeddable":true,"href":"https:\/\/cinier-b.com\/pro\/wp-json\/wp\/v2\/comments?post=3466"}],"wp:featuredmedia":[{"embeddable":true,"href":"https:\/\/cinier-b.com\/pro\/wp-json\/wp\/v2\/media\/5261"}],"wp:attachment":[{"href":"https:\/\/cinier-b.com\/pro\/wp-json\/wp\/v2\/media?parent=3466"}],"wp:term":[{"taxonomy":"product_brand","embeddable":true,"href":"https:\/\/cinier-b.com\/pro\/wp-json\/wp\/v2\/product_brand?post=3466"},{"taxonomy":"product_cat","embeddable":true,"href":"https:\/\/cinier-b.com\/pro\/wp-json\/wp\/v2\/product_cat?post=3466"},{"taxonomy":"product_tag","embeddable":true,"href":"https:\/\/cinier-b.com\/pro\/wp-json\/wp\/v2\/product_tag?post=3466"}],"curies":[{"name":"wp","href":"https:\/\/api.w.org\/{rel}","templated":true}]}}