{"id":1249,"date":"2015-12-08T15:33:20","date_gmt":"2015-12-08T14:33:20","guid":{"rendered":"https:\/\/professionnels.cinier-b.com\/produit\/capsules-onagre-bourrache\/"},"modified":"2026-01-07T14:07:28","modified_gmt":"2026-01-07T13:07:28","slug":"capsules-onagre-bourrache","status":"publish","type":"product","link":"https:\/\/cinier-b.com\/pro\/boutique\/soins-du-corps-frictions-de-sante\/huiles-vegetales\/huiles-vegetales-en-capsules\/capsules-onagre-bourrache\/","title":{"rendered":"Capsules d\u2019huiles V\u00e9g\u00e9tales Onagre &amp; Bourrache"},"content":{"rendered":"<blockquote>\n<h2 style=\"text-align: left;\">L&rsquo;Onagre<\/h2>\n<\/blockquote>\n<p style=\"text-align: left;\">(Oenothera biennis) appartient \u00e0 la famille des Onagrac\u00e9es. Elle est aussi appel\u00e9e Primev\u00e8re du soir. C&rsquo;est dans ses graines que l&rsquo;on trouve ses vertues bienfaisantes. Elles contiennent une huile riche en acides gras essentiels, dont l&rsquo;acide gamma-linol\u00e9nique (8-12%). qui pr\u00e9sente un int\u00e9r\u00eat au plan nutritionnel et cosm\u00e9tique.<\/p>\n<p style=\"text-align: left;\">L&rsquo;huile d&rsquo;onagre est traditionnelement utilis\u00e9e depuis plus de 35 ans en Occident par voir orale ou appliqu\u00e9e sur la peau et fait l&rsquo;objet de nombreuses publications.<\/p>\n<blockquote>\n<h2 style=\"text-align: left;\">La Bourrache<\/h2>\n<\/blockquote>\n<p style=\"text-align: left;\">Appartient \u00e0 la famille des Borraginac\u00e9es. De ses fleurs bleues en forme d&rsquo;\u00e9toiles \u00e0 cinq branches apparaissent des graines qui referment une huile riche en acides gras essentiels et plus pariculi\u00e8rement l&rsquo;acide gamma-linol\u00e9nique (18-24%).<\/p>\n<p style=\"text-align: left;\">L&rsquo;huile de bourrache est employ\u00e9e depuis plus de 25 ans en France par voie orale et cutan\u00e9e. Pendant longtemps moins connue que l&rsquo;huile d&rsquo;onagre, l&rsquo;huile de bourrache pr\u00e9sentant une teneur deux fois plus \u00e9lev\u00e9e en acide gamma linol\u00e9nique, est \u00e0 l&rsquo;heure actuelle davantage utilis\u00e9e notamment en cosm\u00e9tique.<\/p>\n<p style=\"text-align: left;\">L&rsquo;acide gamma-linol\u00e9nique contenu dans ces deux huiles pr\u00e9sente un int\u00e9r\u00eat au plan nutritionnel et cosm\u00e9tique, leur assossiation en renforce encore plus l&rsquo;int\u00e9r\u00eat.<\/p>\n<p style=\"text-align: left;\">Pour notre approvisionnement en huile de Bourrache et d&rsquo;onagre, nous travaillons avec un agriculteur-producteur dans le Berry en plein coeur de la France. Celui-ci, tr\u00e8s attach\u00e9 \u00e0 la qualit\u00e9, a toujours privil\u00e9gi\u00e9 les petites productions et leur transformation. Les graines sont r\u00e9colt\u00e9es, tri\u00e9es et stock\u00e9es puis elles sont press\u00e9es au fur et \u00e0 mesure des besoins pour garantir la fra\u00eecheur de l&rsquo;huile. Le pressage est r\u00e9alis\u00e9 par un processus m\u00e9caniques sans chauffage pr\u00e9alable des graines. L&rsquo;huile ainsi obtenue est filtr\u00e9e, elle ne subit aucun raffinage, traitement ni ajout de conservateur. <strong>Ce sont des huiles vierges de premi\u00e8re pression \u00e0 froid, 100% naturelles.<\/strong><\/p>\n<p style=\"text-align: justify;\">L&rsquo;association de ces deux huiles vous permet de b\u00e9n\u00e9ficier des propri\u00e9t\u00e9s de l&rsquo;huile d&rsquo;onagre et de l&rsquo;huile de bourrache. L&rsquo;huile est mise en capsules sitot le pressage. Elle est ainsi prot\u00e9g\u00e9e de l&rsquo;oxydation et est sans\u00a0 conservateur rajout\u00e9.<\/p>\n<blockquote>\n<h2 style=\"text-align: left;\">Ingr\u00e9dients par capsule<\/h2>\n<\/blockquote>\n<p style=\"text-align: left;\">&#8211; 50 % d&rsquo;huile d&rsquo;onagre et 50 % d&rsquo;huile de bourrache associ\u00e9es: 500mg<\/p>\n<p style=\"text-align: left;\">&#8211; Tunique( g\u00e9latine \u00e0 base de poissons, glyc\u00e9rine): 170mg<\/p>\n<blockquote>\n<h2 style=\"text-align: left;\"><span style=\"text-decoration: underline;\">Conseils d&rsquo;utilisation<\/span><\/h2>\n<\/blockquote>\n<p style=\"text-align: left;\">Voie orale: 2 capsules dos\u00e9es \u00e0 500mg par jour. En compl\u00e9ment de l&rsquo;alimentation<\/p>\n<p style=\"text-align: left;\">Voie cutan\u00e9e: Pour une application cutan\u00e9e, vous pouvez percer la capsule.<\/p>\n<blockquote>\n<h3 style=\"text-align: left;\"><span style=\"color: #663333;\"><span style=\"font-family: verdana, geneva;\"><span style=\"font-size: 14pt;\"><span style=\"font-size: 8pt;\">Compl\u00e9ment alimentaire<\/span><\/span><\/span><\/span><\/h3>\n<\/blockquote>\n<ul>\n<li style=\"text-align: left;\"><span style=\"color: #663333;\"><span style=\"font-family: verdana, geneva;\"><span style=\"font-size: 14pt;\"><span style=\"font-size: 8pt;\">Ne pas d\u00e9passer la dose journali\u00e8re recommand\u00e9e.<\/span><\/span><\/span><\/span><\/li>\n<li style=\"text-align: left;\"><span style=\"color: #663333;\"><span style=\"font-family: verdana, geneva;\"><span style=\"font-size: 14pt;\"><span style=\"font-size: 8pt;\">Tenir hors de port\u00e9e des enfants<\/span><\/span><\/span><\/span><\/li>\n<li style=\"text-align: left;\"><span style=\"color: #663333;\"><span style=\"font-family: verdana, geneva;\"><span style=\"font-size: 14pt;\"><span style=\"font-size: 8pt;\">Ne peut se substituer \u00e0 une alimentation vari\u00e9e.<\/span><\/span><\/span><\/span><\/li>\n<\/ul>\n","protected":false},"excerpt":{"rendered":"<p><b>Capsules d&rsquo;huile vierge d&rsquo;Onagre et Bourrache associ\u00e9es, riches en OMEGA 6.<\/b><\/p>\n<p>Flacon de 200 capsules de 500 mg.<\/p>\n","protected":false},"featured_media":9105,"comment_status":"open","ping_status":"closed","template":"","meta":[],"product_brand":[],"product_cat":[113],"product_tag":[],"class_list":{"0":"post-1249","1":"product","2":"type-product","3":"status-publish","4":"has-post-thumbnail","6":"product_cat-huiles-vegetales-en-capsules","8":"first","9":"outofstock","10":"taxable","11":"shipping-taxable","12":"purchasable","13":"product-type-simple"},"yoast_head":"<!-- This site is optimized with the Yoast SEO plugin v25.0 - https:\/\/yoast.com\/wordpress\/plugins\/seo\/ -->\n<title>Capsules d\u2019huiles V\u00e9g\u00e9tales Onagre &amp; Bourrache - Cinier-B pour Professionnels<\/title>\n<meta name=\"robots\" content=\"index, follow, max-snippet:-1, max-image-preview:large, max-video-preview:-1\" \/>\n<link rel=\"canonical\" href=\"https:\/\/cinier-b.com\/pro\/boutique\/soins-du-corps-frictions-de-sante\/huiles-vegetales\/huiles-vegetales-en-capsules\/capsules-onagre-bourrache\/\" \/>\n<meta property=\"og:locale\" content=\"fr_FR\" \/>\n<meta property=\"og:type\" content=\"article\" \/>\n<meta property=\"og:title\" content=\"Capsules d\u2019huiles V\u00e9g\u00e9tales Onagre &amp; Bourrache - Cinier-B pour Professionnels\" \/>\n<meta property=\"og:description\" content=\"Capsules d&#039;huile vierge d&#039;Onagre et Bourrache associ\u00e9es, riches en OMEGA 6.  Flacon de 200 capsules de 500 mg.\" \/>\n<meta property=\"og:url\" content=\"https:\/\/cinier-b.com\/pro\/boutique\/soins-du-corps-frictions-de-sante\/huiles-vegetales\/huiles-vegetales-en-capsules\/capsules-onagre-bourrache\/\" \/>\n<meta property=\"og:site_name\" content=\"Cinier-B pour Professionnels\" \/>\n<meta property=\"article:modified_time\" content=\"2026-01-07T13:07:28+00:00\" \/>\n<meta property=\"og:image\" content=\"https:\/\/cinier-b.com\/pro\/wp-content\/uploads\/2015\/12\/les-packs-35.png\" \/>\n\t<meta property=\"og:image:width\" content=\"1080\" \/>\n\t<meta property=\"og:image:height\" content=\"1080\" \/>\n\t<meta property=\"og:image:type\" content=\"image\/png\" \/>\n<meta name=\"twitter:card\" content=\"summary_large_image\" \/>\n<meta name=\"twitter:label1\" content=\"Dur\u00e9e de lecture estim\u00e9e\" \/>\n\t<meta name=\"twitter:data1\" content=\"2 minutes\" \/>\n<script type=\"application\/ld+json\" class=\"yoast-schema-graph\">{\"@context\":\"https:\/\/schema.org\",\"@graph\":[{\"@type\":\"WebPage\",\"@id\":\"https:\/\/cinier-b.com\/pro\/boutique\/soins-du-corps-frictions-de-sante\/huiles-vegetales\/huiles-vegetales-en-capsules\/capsules-onagre-bourrache\/\",\"url\":\"https:\/\/cinier-b.com\/pro\/boutique\/soins-du-corps-frictions-de-sante\/huiles-vegetales\/huiles-vegetales-en-capsules\/capsules-onagre-bourrache\/\",\"name\":\"Capsules d\u2019huiles V\u00e9g\u00e9tales Onagre &amp; Bourrache - Cinier-B pour Professionnels\",\"isPartOf\":{\"@id\":\"https:\/\/cinier-b.com\/pro\/#website\"},\"primaryImageOfPage\":{\"@id\":\"https:\/\/cinier-b.com\/pro\/boutique\/soins-du-corps-frictions-de-sante\/huiles-vegetales\/huiles-vegetales-en-capsules\/capsules-onagre-bourrache\/#primaryimage\"},\"image\":{\"@id\":\"https:\/\/cinier-b.com\/pro\/boutique\/soins-du-corps-frictions-de-sante\/huiles-vegetales\/huiles-vegetales-en-capsules\/capsules-onagre-bourrache\/#primaryimage\"},\"thumbnailUrl\":\"https:\/\/cinier-b.com\/pro\/wp-content\/uploads\/2015\/12\/les-packs-35.png\",\"datePublished\":\"2015-12-08T14:33:20+00:00\",\"dateModified\":\"2026-01-07T13:07:28+00:00\",\"breadcrumb\":{\"@id\":\"https:\/\/cinier-b.com\/pro\/boutique\/soins-du-corps-frictions-de-sante\/huiles-vegetales\/huiles-vegetales-en-capsules\/capsules-onagre-bourrache\/#breadcrumb\"},\"inLanguage\":\"fr-FR\",\"potentialAction\":[{\"@type\":\"ReadAction\",\"target\":[\"https:\/\/cinier-b.com\/pro\/boutique\/soins-du-corps-frictions-de-sante\/huiles-vegetales\/huiles-vegetales-en-capsules\/capsules-onagre-bourrache\/\"]}]},{\"@type\":\"ImageObject\",\"inLanguage\":\"fr-FR\",\"@id\":\"https:\/\/cinier-b.com\/pro\/boutique\/soins-du-corps-frictions-de-sante\/huiles-vegetales\/huiles-vegetales-en-capsules\/capsules-onagre-bourrache\/#primaryimage\",\"url\":\"https:\/\/cinier-b.com\/pro\/wp-content\/uploads\/2015\/12\/les-packs-35.png\",\"contentUrl\":\"https:\/\/cinier-b.com\/pro\/wp-content\/uploads\/2015\/12\/les-packs-35.png\",\"width\":1080,\"height\":1080},{\"@type\":\"BreadcrumbList\",\"@id\":\"https:\/\/cinier-b.com\/pro\/boutique\/soins-du-corps-frictions-de-sante\/huiles-vegetales\/huiles-vegetales-en-capsules\/capsules-onagre-bourrache\/#breadcrumb\",\"itemListElement\":[{\"@type\":\"ListItem\",\"position\":1,\"name\":\"Accueil\",\"item\":\"https:\/\/cinier-b.com\/pro\/accueil\/\"},{\"@type\":\"ListItem\",\"position\":2,\"name\":\"Boutique\",\"item\":\"https:\/\/cinier-b.com\/pro\/boutique\/\"},{\"@type\":\"ListItem\",\"position\":3,\"name\":\"Capsules d\u2019huiles V\u00e9g\u00e9tales Onagre &amp; Bourrache\"}]},{\"@type\":\"WebSite\",\"@id\":\"https:\/\/cinier-b.com\/pro\/#website\",\"url\":\"https:\/\/cinier-b.com\/pro\/\",\"name\":\"Cinier-B pour Professionnels\",\"description\":\"Laboratoires Cinier-B\",\"potentialAction\":[{\"@type\":\"SearchAction\",\"target\":{\"@type\":\"EntryPoint\",\"urlTemplate\":\"https:\/\/cinier-b.com\/pro\/?s={search_term_string}\"},\"query-input\":{\"@type\":\"PropertyValueSpecification\",\"valueRequired\":true,\"valueName\":\"search_term_string\"}}],\"inLanguage\":\"fr-FR\"}]}<\/script>\n<!-- \/ Yoast SEO plugin. -->","yoast_head_json":{"title":"Capsules d\u2019huiles V\u00e9g\u00e9tales Onagre &amp; Bourrache - Cinier-B pour Professionnels","robots":{"index":"index","follow":"follow","max-snippet":"max-snippet:-1","max-image-preview":"max-image-preview:large","max-video-preview":"max-video-preview:-1"},"canonical":"https:\/\/cinier-b.com\/pro\/boutique\/soins-du-corps-frictions-de-sante\/huiles-vegetales\/huiles-vegetales-en-capsules\/capsules-onagre-bourrache\/","og_locale":"fr_FR","og_type":"article","og_title":"Capsules d\u2019huiles V\u00e9g\u00e9tales Onagre &amp; Bourrache - Cinier-B pour Professionnels","og_description":"Capsules d'huile vierge d'Onagre et Bourrache associ\u00e9es, riches en OMEGA 6.  Flacon de 200 capsules de 500 mg.","og_url":"https:\/\/cinier-b.com\/pro\/boutique\/soins-du-corps-frictions-de-sante\/huiles-vegetales\/huiles-vegetales-en-capsules\/capsules-onagre-bourrache\/","og_site_name":"Cinier-B pour Professionnels","article_modified_time":"2026-01-07T13:07:28+00:00","og_image":[{"width":1080,"height":1080,"url":"https:\/\/cinier-b.com\/pro\/wp-content\/uploads\/2015\/12\/les-packs-35.png","type":"image\/png"}],"twitter_card":"summary_large_image","twitter_misc":{"Dur\u00e9e de lecture estim\u00e9e":"2 minutes"},"schema":{"@context":"https:\/\/schema.org","@graph":[{"@type":"WebPage","@id":"https:\/\/cinier-b.com\/pro\/boutique\/soins-du-corps-frictions-de-sante\/huiles-vegetales\/huiles-vegetales-en-capsules\/capsules-onagre-bourrache\/","url":"https:\/\/cinier-b.com\/pro\/boutique\/soins-du-corps-frictions-de-sante\/huiles-vegetales\/huiles-vegetales-en-capsules\/capsules-onagre-bourrache\/","name":"Capsules d\u2019huiles V\u00e9g\u00e9tales Onagre &amp; Bourrache - Cinier-B pour Professionnels","isPartOf":{"@id":"https:\/\/cinier-b.com\/pro\/#website"},"primaryImageOfPage":{"@id":"https:\/\/cinier-b.com\/pro\/boutique\/soins-du-corps-frictions-de-sante\/huiles-vegetales\/huiles-vegetales-en-capsules\/capsules-onagre-bourrache\/#primaryimage"},"image":{"@id":"https:\/\/cinier-b.com\/pro\/boutique\/soins-du-corps-frictions-de-sante\/huiles-vegetales\/huiles-vegetales-en-capsules\/capsules-onagre-bourrache\/#primaryimage"},"thumbnailUrl":"https:\/\/cinier-b.com\/pro\/wp-content\/uploads\/2015\/12\/les-packs-35.png","datePublished":"2015-12-08T14:33:20+00:00","dateModified":"2026-01-07T13:07:28+00:00","breadcrumb":{"@id":"https:\/\/cinier-b.com\/pro\/boutique\/soins-du-corps-frictions-de-sante\/huiles-vegetales\/huiles-vegetales-en-capsules\/capsules-onagre-bourrache\/#breadcrumb"},"inLanguage":"fr-FR","potentialAction":[{"@type":"ReadAction","target":["https:\/\/cinier-b.com\/pro\/boutique\/soins-du-corps-frictions-de-sante\/huiles-vegetales\/huiles-vegetales-en-capsules\/capsules-onagre-bourrache\/"]}]},{"@type":"ImageObject","inLanguage":"fr-FR","@id":"https:\/\/cinier-b.com\/pro\/boutique\/soins-du-corps-frictions-de-sante\/huiles-vegetales\/huiles-vegetales-en-capsules\/capsules-onagre-bourrache\/#primaryimage","url":"https:\/\/cinier-b.com\/pro\/wp-content\/uploads\/2015\/12\/les-packs-35.png","contentUrl":"https:\/\/cinier-b.com\/pro\/wp-content\/uploads\/2015\/12\/les-packs-35.png","width":1080,"height":1080},{"@type":"BreadcrumbList","@id":"https:\/\/cinier-b.com\/pro\/boutique\/soins-du-corps-frictions-de-sante\/huiles-vegetales\/huiles-vegetales-en-capsules\/capsules-onagre-bourrache\/#breadcrumb","itemListElement":[{"@type":"ListItem","position":1,"name":"Accueil","item":"https:\/\/cinier-b.com\/pro\/accueil\/"},{"@type":"ListItem","position":2,"name":"Boutique","item":"https:\/\/cinier-b.com\/pro\/boutique\/"},{"@type":"ListItem","position":3,"name":"Capsules d\u2019huiles V\u00e9g\u00e9tales Onagre &amp; Bourrache"}]},{"@type":"WebSite","@id":"https:\/\/cinier-b.com\/pro\/#website","url":"https:\/\/cinier-b.com\/pro\/","name":"Cinier-B pour Professionnels","description":"Laboratoires Cinier-B","potentialAction":[{"@type":"SearchAction","target":{"@type":"EntryPoint","urlTemplate":"https:\/\/cinier-b.com\/pro\/?s={search_term_string}"},"query-input":{"@type":"PropertyValueSpecification","valueRequired":true,"valueName":"search_term_string"}}],"inLanguage":"fr-FR"}]}},"_links":{"self":[{"href":"https:\/\/cinier-b.com\/pro\/wp-json\/wp\/v2\/product\/1249"}],"collection":[{"href":"https:\/\/cinier-b.com\/pro\/wp-json\/wp\/v2\/product"}],"about":[{"href":"https:\/\/cinier-b.com\/pro\/wp-json\/wp\/v2\/types\/product"}],"replies":[{"embeddable":true,"href":"https:\/\/cinier-b.com\/pro\/wp-json\/wp\/v2\/comments?post=1249"}],"wp:featuredmedia":[{"embeddable":true,"href":"https:\/\/cinier-b.com\/pro\/wp-json\/wp\/v2\/media\/9105"}],"wp:attachment":[{"href":"https:\/\/cinier-b.com\/pro\/wp-json\/wp\/v2\/media?parent=1249"}],"wp:term":[{"taxonomy":"product_brand","embeddable":true,"href":"https:\/\/cinier-b.com\/pro\/wp-json\/wp\/v2\/product_brand?post=1249"},{"taxonomy":"product_cat","embeddable":true,"href":"https:\/\/cinier-b.com\/pro\/wp-json\/wp\/v2\/product_cat?post=1249"},{"taxonomy":"product_tag","embeddable":true,"href":"https:\/\/cinier-b.com\/pro\/wp-json\/wp\/v2\/product_tag?post=1249"}],"curies":[{"name":"wp","href":"https:\/\/api.w.org\/{rel}","templated":true}]}}