{"id":7161,"date":"2022-10-05T15:29:49","date_gmt":"2022-10-05T13:29:49","guid":{"rendered":"https:\/\/cinier-b.com\/pro\/?page_id=7161"},"modified":"2025-04-29T12:23:27","modified_gmt":"2025-04-29T10:23:27","slug":"formations-aromatherapie","status":"publish","type":"page","link":"https:\/\/cinier-b.com\/pro\/formations-aromatherapie\/","title":{"rendered":"Formation Aromath\u00e9rapie"},"content":{"rendered":"<div  class='flex_column av-3n18c9-021a4d2a7a73314e84e6b11367a2a586 av_one_half  avia-builder-el-0  el_before_av_one_half  avia-builder-el-first  first flex_column_div  '     ><style type=\"text\/css\" data-created_by=\"avia_inline_auto\" id=\"style-css-av-lg0l7oot-ddeb0a82810e98db3718e347355116d7\">\n.avia-image-container.av-lg0l7oot-ddeb0a82810e98db3718e347355116d7 img.avia_image{\nbox-shadow:none;\n}\n.avia-image-container.av-lg0l7oot-ddeb0a82810e98db3718e347355116d7 .av-image-caption-overlay-center{\ncolor:#ffffff;\n}\n<\/style>\n<div  class='avia-image-container av-lg0l7oot-ddeb0a82810e98db3718e347355116d7 av-styling- av-img-linked avia-align-center  avia-builder-el-1  avia-builder-el-no-sibling '   itemprop=\"image\" itemscope=\"itemscope\" itemtype=\"https:\/\/schema.org\/ImageObject\" ><div class=\"avia-image-container-inner\"><div class=\"avia-image-overlay-wrap\"><a href=\"https:\/\/podologie.connaissance-evolution.com\/aromatherapie-energetique_podos\/\" class='avia_image '  aria-label='Formations Actuelles'><img decoding=\"async\" fetchpriority=\"high\" class='wp-image-10139 avia-img-lazy-loading-not-10139 avia_image ' src=\"https:\/\/cinier-b.com\/pro\/wp-content\/uploads\/2025\/04\/Formations-Actuelles.png\" alt='' title='Formations Actuelles'  height=\"1587\" width=\"2245\"  itemprop=\"thumbnailUrl\" srcset=\"https:\/\/cinier-b.com\/pro\/wp-content\/uploads\/2025\/04\/Formations-Actuelles.png 2245w, https:\/\/cinier-b.com\/pro\/wp-content\/uploads\/2025\/04\/Formations-Actuelles-450x318.png 450w, https:\/\/cinier-b.com\/pro\/wp-content\/uploads\/2025\/04\/Formations-Actuelles-1030x728.png 1030w, https:\/\/cinier-b.com\/pro\/wp-content\/uploads\/2025\/04\/Formations-Actuelles-768x543.png 768w, https:\/\/cinier-b.com\/pro\/wp-content\/uploads\/2025\/04\/Formations-Actuelles-1536x1086.png 1536w, https:\/\/cinier-b.com\/pro\/wp-content\/uploads\/2025\/04\/Formations-Actuelles-2048x1448.png 2048w, https:\/\/cinier-b.com\/pro\/wp-content\/uploads\/2025\/04\/Formations-Actuelles-1500x1060.png 1500w, https:\/\/cinier-b.com\/pro\/wp-content\/uploads\/2025\/04\/Formations-Actuelles-260x185.png 260w, https:\/\/cinier-b.com\/pro\/wp-content\/uploads\/2025\/04\/Formations-Actuelles-705x498.png 705w, https:\/\/cinier-b.com\/pro\/wp-content\/uploads\/2025\/04\/Formations-Actuelles-500x353.png 500w, https:\/\/cinier-b.com\/pro\/wp-content\/uploads\/2025\/04\/Formations-Actuelles-800x566.png 800w\" sizes=\"(max-width: 2245px) 100vw, 2245px\" \/><\/a><\/div><\/div><\/div><\/div><div  class='flex_column av-22su95-b9dd7635fc3df7afd3e0581cbdecfc1c av_one_half  avia-builder-el-2  el_after_av_one_half  el_before_av_button  flex_column_div  '     ><section  class='av_textblock_section av-lg0o9kwh-59bc7ed11c4ef607c17dae56d1e0e724 '   itemscope=\"itemscope\" itemtype=\"https:\/\/schema.org\/CreativeWork\" ><div class='avia_textblock'  itemprop=\"text\" ><h3 style=\"text-align: left;\"><strong>Formations en Aromath\u00e9rapie\u00a0<\/strong><\/h3>\n<p>Nos formations d&rsquo;aromath\u00e9rapie avec G\u00e9rard Brzegowi et nos huiles essentielles CINIER-B sont organis\u00e9es par:<\/p>\n<p><strong> Connaissance et Evolution<\/strong><\/p>\n<p>Adresse : 7 Porte de Neuilly &#8211;\u00a0 93160 Noisy-le-Grand<\/p>\n<p>T\u00e9l\u00e9phone : 01 43 47 89 39.<\/p>\n<h4><strong>Formations en distanciel<\/strong><\/h4>\n<p>Vous pouvez t\u00e9l\u00e9charger les documentations :<\/p>\n<p><a href=\"https:\/\/podologie.connaissance-evolution.com\/apport-huiles-essentielles-de-laromatherapie_podos\/\">Formation Apport des HE et de l&rsquo;aromath\u00e9rapie<\/a><\/p>\n<p><a href=\"https:\/\/podologie.connaissance-evolution.com\/aromatherapie-energetique_podos\/\">Formation Aromathe\u0301rapie e\u0301nerge\u0301tique<\/a><\/p>\n<p><a href=\"https:\/\/www.connaissance-evolution.com\/\">Site Connaissance &amp; Evolution<\/a><\/p>\n<\/div><\/section><\/div><\/p>\n<div  class='avia-button-wrap av-l8u8qclo-e3395f545103ae8d9adf8a939d32c02a-wrap avia-button-center  avia-builder-el-4  el_after_av_one_half  avia-builder-el-last '><a href='https:\/\/www.connaissance-evolution.com\/toutes-nos-formations-ce\/'  class='avia-button av-l8u8qclo-e3395f545103ae8d9adf8a939d32c02a av-link-btn avia-icon_select-yes-left-icon avia-size-small avia-position-center avia-color-theme-color'   aria-label=\"Cliquez pour d\u00e9couvrir les formations\"><span class='avia_button_icon avia_button_icon_left avia-iconfont avia-font-entypo-fontello' data-av_icon='\ue8b0' data-av_iconfont='entypo-fontello' ><\/span><span class='avia_iconbox_title' >Cliquez pour d\u00e9couvrir les formations<\/span><\/a><\/div>\n","protected":false},"excerpt":{"rendered":"","protected":false},"author":6,"featured_media":0,"parent":0,"menu_order":1,"comment_status":"closed","ping_status":"closed","template":"","meta":{"footnotes":""},"class_list":["post-7161","page","type-page","status-publish","hentry"],"yoast_head":"<!-- This site is optimized with the Yoast SEO plugin v25.0 - https:\/\/yoast.com\/wordpress\/plugins\/seo\/ -->\n<title>Formation Aromath\u00e9rapie - Cinier-B pour Professionnels<\/title>\n<meta name=\"robots\" content=\"index, follow, max-snippet:-1, max-image-preview:large, max-video-preview:-1\" \/>\n<link rel=\"canonical\" href=\"https:\/\/cinier-b.com\/pro\/formations-aromatherapie\/\" \/>\n<meta property=\"og:locale\" content=\"fr_FR\" \/>\n<meta property=\"og:type\" content=\"article\" \/>\n<meta property=\"og:title\" content=\"Formation Aromath\u00e9rapie - Cinier-B pour Professionnels\" \/>\n<meta property=\"og:url\" content=\"https:\/\/cinier-b.com\/pro\/formations-aromatherapie\/\" \/>\n<meta property=\"og:site_name\" content=\"Cinier-B pour Professionnels\" \/>\n<meta property=\"article:modified_time\" content=\"2025-04-29T10:23:27+00:00\" \/>\n<meta name=\"twitter:card\" content=\"summary_large_image\" \/>\n<meta name=\"twitter:label1\" content=\"Dur\u00e9e de lecture estim\u00e9e\" \/>\n\t<meta name=\"twitter:data1\" content=\"1 minute\" \/>\n<script type=\"application\/ld+json\" class=\"yoast-schema-graph\">{\"@context\":\"https:\/\/schema.org\",\"@graph\":[{\"@type\":\"WebPage\",\"@id\":\"https:\/\/cinier-b.com\/pro\/formations-aromatherapie\/\",\"url\":\"https:\/\/cinier-b.com\/pro\/formations-aromatherapie\/\",\"name\":\"Formation Aromath\u00e9rapie - Cinier-B pour Professionnels\",\"isPartOf\":{\"@id\":\"https:\/\/cinier-b.com\/pro\/#website\"},\"datePublished\":\"2022-10-05T13:29:49+00:00\",\"dateModified\":\"2025-04-29T10:23:27+00:00\",\"breadcrumb\":{\"@id\":\"https:\/\/cinier-b.com\/pro\/formations-aromatherapie\/#breadcrumb\"},\"inLanguage\":\"fr-FR\",\"potentialAction\":[{\"@type\":\"ReadAction\",\"target\":[\"https:\/\/cinier-b.com\/pro\/formations-aromatherapie\/\"]}]},{\"@type\":\"BreadcrumbList\",\"@id\":\"https:\/\/cinier-b.com\/pro\/formations-aromatherapie\/#breadcrumb\",\"itemListElement\":[{\"@type\":\"ListItem\",\"position\":1,\"name\":\"Accueil\",\"item\":\"https:\/\/cinier-b.com\/pro\/accueil\/\"},{\"@type\":\"ListItem\",\"position\":2,\"name\":\"Formation Aromath\u00e9rapie\"}]},{\"@type\":\"WebSite\",\"@id\":\"https:\/\/cinier-b.com\/pro\/#website\",\"url\":\"https:\/\/cinier-b.com\/pro\/\",\"name\":\"Cinier-B pour Professionnels\",\"description\":\"Laboratoires Cinier-B\",\"potentialAction\":[{\"@type\":\"SearchAction\",\"target\":{\"@type\":\"EntryPoint\",\"urlTemplate\":\"https:\/\/cinier-b.com\/pro\/?s={search_term_string}\"},\"query-input\":{\"@type\":\"PropertyValueSpecification\",\"valueRequired\":true,\"valueName\":\"search_term_string\"}}],\"inLanguage\":\"fr-FR\"}]}<\/script>\n<!-- \/ Yoast SEO plugin. -->","yoast_head_json":{"title":"Formation Aromath\u00e9rapie - Cinier-B pour Professionnels","robots":{"index":"index","follow":"follow","max-snippet":"max-snippet:-1","max-image-preview":"max-image-preview:large","max-video-preview":"max-video-preview:-1"},"canonical":"https:\/\/cinier-b.com\/pro\/formations-aromatherapie\/","og_locale":"fr_FR","og_type":"article","og_title":"Formation Aromath\u00e9rapie - Cinier-B pour Professionnels","og_url":"https:\/\/cinier-b.com\/pro\/formations-aromatherapie\/","og_site_name":"Cinier-B pour Professionnels","article_modified_time":"2025-04-29T10:23:27+00:00","twitter_card":"summary_large_image","twitter_misc":{"Dur\u00e9e de lecture estim\u00e9e":"1 minute"},"schema":{"@context":"https:\/\/schema.org","@graph":[{"@type":"WebPage","@id":"https:\/\/cinier-b.com\/pro\/formations-aromatherapie\/","url":"https:\/\/cinier-b.com\/pro\/formations-aromatherapie\/","name":"Formation Aromath\u00e9rapie - Cinier-B pour Professionnels","isPartOf":{"@id":"https:\/\/cinier-b.com\/pro\/#website"},"datePublished":"2022-10-05T13:29:49+00:00","dateModified":"2025-04-29T10:23:27+00:00","breadcrumb":{"@id":"https:\/\/cinier-b.com\/pro\/formations-aromatherapie\/#breadcrumb"},"inLanguage":"fr-FR","potentialAction":[{"@type":"ReadAction","target":["https:\/\/cinier-b.com\/pro\/formations-aromatherapie\/"]}]},{"@type":"BreadcrumbList","@id":"https:\/\/cinier-b.com\/pro\/formations-aromatherapie\/#breadcrumb","itemListElement":[{"@type":"ListItem","position":1,"name":"Accueil","item":"https:\/\/cinier-b.com\/pro\/accueil\/"},{"@type":"ListItem","position":2,"name":"Formation Aromath\u00e9rapie"}]},{"@type":"WebSite","@id":"https:\/\/cinier-b.com\/pro\/#website","url":"https:\/\/cinier-b.com\/pro\/","name":"Cinier-B pour Professionnels","description":"Laboratoires Cinier-B","potentialAction":[{"@type":"SearchAction","target":{"@type":"EntryPoint","urlTemplate":"https:\/\/cinier-b.com\/pro\/?s={search_term_string}"},"query-input":{"@type":"PropertyValueSpecification","valueRequired":true,"valueName":"search_term_string"}}],"inLanguage":"fr-FR"}]}},"_links":{"self":[{"href":"https:\/\/cinier-b.com\/pro\/wp-json\/wp\/v2\/pages\/7161"}],"collection":[{"href":"https:\/\/cinier-b.com\/pro\/wp-json\/wp\/v2\/pages"}],"about":[{"href":"https:\/\/cinier-b.com\/pro\/wp-json\/wp\/v2\/types\/page"}],"author":[{"embeddable":true,"href":"https:\/\/cinier-b.com\/pro\/wp-json\/wp\/v2\/users\/6"}],"replies":[{"embeddable":true,"href":"https:\/\/cinier-b.com\/pro\/wp-json\/wp\/v2\/comments?post=7161"}],"version-history":[{"count":28,"href":"https:\/\/cinier-b.com\/pro\/wp-json\/wp\/v2\/pages\/7161\/revisions"}],"predecessor-version":[{"id":10141,"href":"https:\/\/cinier-b.com\/pro\/wp-json\/wp\/v2\/pages\/7161\/revisions\/10141"}],"wp:attachment":[{"href":"https:\/\/cinier-b.com\/pro\/wp-json\/wp\/v2\/media?parent=7161"}],"curies":[{"name":"wp","href":"https:\/\/api.w.org\/{rel}","templated":true}]}}