{"id":749,"date":"2012-11-15T15:40:32","date_gmt":"2012-11-15T14:40:32","guid":{"rendered":"http:\/\/particuliers.cinier-b.com\/produit\/eau-de-rose-maroc-bio\/"},"modified":"2026-03-09T08:58:15","modified_gmt":"2026-03-09T07:58:15","slug":"eau-de-rose-maroc-bio","status":"publish","type":"product","link":"https:\/\/cinier-b.com\/particuliers\/boutique\/huiles-essentielles-aromatherapie\/hydrolats-aromatiques\/eau-de-rose-maroc-bio\/","title":{"rendered":"HYDROLAT ROSE BIO : Tonique, Hydratant, Apaisant"},"content":{"rendered":"<p>L&rsquo; eau florale de Rose BIO est obtenue par distillation \u00e0 la vapeur d&rsquo;eau des fleurs du Rosier Biologique, Rosa damascena .Origine Maroc.<\/p>\n<p>Elle est 100% pure et naturelle, ne contient ni alcool ni conservateur. Pour une meilleure conservation elle est pr\u00e9sent\u00e9e en flacon pulv\u00e9risateur opaque.<\/p>\n<p>R\u00e9g\u00e9n\u00e9rante, tonique, antirides, rafra\u00eechissante, l\u2019eau de rose est excellente pour tous les types de peau.<\/p>\n<p>Recommand\u00e9e dans le soin des rides, du cuir chevelu et la beaut\u00e9 des cheveux, en cas de fatigue oculaire (seule ou en association avec l\u2019eau de camomille romaine), apaisante pour les peaux avec rougeurs.<\/p>\n<p><img decoding=\"async\" class=\"alignnone size-full wp-image-3933\" src=\"https:\/\/cinier-b.com\/particuliers\/wp-content\/uploads\/2019\/09\/ECOCERT-AB.jpg\" sizes=\"(max-width: 80px) 100vw, 80px\" srcset=\"https:\/\/cinier-b.com\/particuliers\/wp-content\/uploads\/2019\/09\/ECOCERT-AB.jpg 80w, https:\/\/cinier-b.com\/particuliers\/wp-content\/uploads\/2019\/09\/ECOCERT-AB-64x25.jpg 64w\" alt=\"\" width=\"80\" height=\"31\" \/>Les produits portant la mention BIO sont issus de l&rsquo;Agriculture Biologique et certifi\u00e9s par ECOCERT FR-BIO-01<\/p>\n<p><em>Les eaux florales ou hydrolats 100% purs et naturels ne contiennent ni alcool ni conservateur. Ces produits \u00e9tant sujet aux pollutions microbiologiques, il faut les conserver \u00e0 l&rsquo;abri de l&rsquo;air, de la lumi\u00e8re et \u00e0 temp\u00e9rature stable. Pour une meilleure conservation tous nos hydrolats sont pr\u00e9sent\u00e9es en flacon pulv\u00e9risateur aluminium opaque. Il est vivement conseill\u00e9 de les conserver au frais et de les tenir \u00e9loign\u00e9s d&rsquo;une source directe de chaleur<\/em>.<\/p>\n","protected":false},"excerpt":{"rendered":"<p><b>R\u00e9g\u00e9n\u00e9rante, tonique, antirides, rafra\u00eechissante.<\/b><\/p>\n<p><b>Elle s&rsquo;utilise<strong> aussi avec bonheur dans la p\u00e2tisserie.<\/strong><br \/>\n<\/b><\/p>\n<p><strong>Odeur<\/strong>: Caract\u00e9ristique, rappelant celle des fleurs<br \/>\n<strong>Couleur<\/strong> : Incolore \u00e0 blanch\u00e2tre<\/p>\n<p>100% pure et naturelle, biologique, origine Maroc<\/p>\n<p>Flacon pulv\u00e9risateur aluminium opaque 200ml<\/p>\n","protected":false},"featured_media":10090,"template":"","meta":[],"product_brand":[],"product_cat":[137,35],"product_tag":[],"class_list":{"0":"post-749","1":"product","2":"type-product","3":"status-publish","4":"has-post-thumbnail","6":"product_cat-nos-14-hydrolats","7":"product_cat-hydrolats-aromatiques","9":"first","10":"instock","11":"featured","12":"taxable","13":"shipping-taxable","14":"purchasable","15":"product-type-simple"},"yoast_head":"<!-- This site is optimized with the Yoast SEO plugin v25.5 - https:\/\/yoast.com\/wordpress\/plugins\/seo\/ -->\n<title>HYDROLAT ROSE BIO : Tonique, Hydratant, Apaisant - Particuliers - Cinier-B Laboratoires<\/title>\n<meta name=\"robots\" content=\"index, follow, max-snippet:-1, max-image-preview:large, max-video-preview:-1\" \/>\n<link rel=\"canonical\" href=\"https:\/\/cinier-b.com\/particuliers\/boutique\/huiles-essentielles-aromatherapie\/hydrolats-aromatiques\/eau-de-rose-maroc-bio\/\" \/>\n<meta property=\"og:locale\" content=\"fr_FR\" \/>\n<meta property=\"og:type\" content=\"article\" \/>\n<meta property=\"og:title\" content=\"HYDROLAT ROSE BIO : Tonique, Hydratant, Apaisant - Particuliers - Cinier-B Laboratoires\" \/>\n<meta property=\"og:description\" content=\"R\u00e9g\u00e9n\u00e9rante, tonique, antirides, rafra\u00eechissante.  Elle s&#039;utilise aussi avec bonheur dans la p\u00e2tisserie.   Odeur: Caract\u00e9ristique, rappelant celle des fleurs Couleur : Incolore \u00e0 blanch\u00e2tre  100% pure et naturelle, biologique, origine Maroc  Flacon pulv\u00e9risateur aluminium opaque 200ml\" \/>\n<meta property=\"og:url\" content=\"https:\/\/cinier-b.com\/particuliers\/boutique\/huiles-essentielles-aromatherapie\/hydrolats-aromatiques\/eau-de-rose-maroc-bio\/\" \/>\n<meta property=\"og:site_name\" content=\"Particuliers - Cinier-B Laboratoires\" \/>\n<meta property=\"article:modified_time\" content=\"2026-03-09T07:58:15+00:00\" \/>\n<meta property=\"og:image\" content=\"https:\/\/cinier-b.com\/particuliers\/wp-content\/uploads\/2012\/11\/hydrolat-rose-b.jpg\" \/>\n\t<meta property=\"og:image:width\" content=\"1080\" \/>\n\t<meta property=\"og:image:height\" content=\"1080\" \/>\n\t<meta property=\"og:image:type\" content=\"image\/jpeg\" \/>\n<meta name=\"twitter:card\" content=\"summary_large_image\" \/>\n<script type=\"application\/ld+json\" class=\"yoast-schema-graph\">{\"@context\":\"https:\/\/schema.org\",\"@graph\":[{\"@type\":\"WebPage\",\"@id\":\"https:\/\/cinier-b.com\/particuliers\/boutique\/huiles-essentielles-aromatherapie\/hydrolats-aromatiques\/eau-de-rose-maroc-bio\/\",\"url\":\"https:\/\/cinier-b.com\/particuliers\/boutique\/huiles-essentielles-aromatherapie\/hydrolats-aromatiques\/eau-de-rose-maroc-bio\/\",\"name\":\"HYDROLAT ROSE BIO : Tonique, Hydratant, Apaisant - Particuliers - Cinier-B Laboratoires\",\"isPartOf\":{\"@id\":\"https:\/\/cinier-b.com\/particuliers\/#website\"},\"primaryImageOfPage\":{\"@id\":\"https:\/\/cinier-b.com\/particuliers\/boutique\/huiles-essentielles-aromatherapie\/hydrolats-aromatiques\/eau-de-rose-maroc-bio\/#primaryimage\"},\"image\":{\"@id\":\"https:\/\/cinier-b.com\/particuliers\/boutique\/huiles-essentielles-aromatherapie\/hydrolats-aromatiques\/eau-de-rose-maroc-bio\/#primaryimage\"},\"thumbnailUrl\":\"https:\/\/cinier-b.com\/particuliers\/wp-content\/uploads\/2012\/11\/hydrolat-rose-b.jpg\",\"datePublished\":\"2012-11-15T14:40:32+00:00\",\"dateModified\":\"2026-03-09T07:58:15+00:00\",\"breadcrumb\":{\"@id\":\"https:\/\/cinier-b.com\/particuliers\/boutique\/huiles-essentielles-aromatherapie\/hydrolats-aromatiques\/eau-de-rose-maroc-bio\/#breadcrumb\"},\"inLanguage\":\"fr-FR\",\"potentialAction\":[{\"@type\":\"ReadAction\",\"target\":[\"https:\/\/cinier-b.com\/particuliers\/boutique\/huiles-essentielles-aromatherapie\/hydrolats-aromatiques\/eau-de-rose-maroc-bio\/\"]}]},{\"@type\":\"ImageObject\",\"inLanguage\":\"fr-FR\",\"@id\":\"https:\/\/cinier-b.com\/particuliers\/boutique\/huiles-essentielles-aromatherapie\/hydrolats-aromatiques\/eau-de-rose-maroc-bio\/#primaryimage\",\"url\":\"https:\/\/cinier-b.com\/particuliers\/wp-content\/uploads\/2012\/11\/hydrolat-rose-b.jpg\",\"contentUrl\":\"https:\/\/cinier-b.com\/particuliers\/wp-content\/uploads\/2012\/11\/hydrolat-rose-b.jpg\",\"width\":1080,\"height\":1080},{\"@type\":\"BreadcrumbList\",\"@id\":\"https:\/\/cinier-b.com\/particuliers\/boutique\/huiles-essentielles-aromatherapie\/hydrolats-aromatiques\/eau-de-rose-maroc-bio\/#breadcrumb\",\"itemListElement\":[{\"@type\":\"ListItem\",\"position\":1,\"name\":\"Accueil\",\"item\":\"https:\/\/cinier-b.com\/particuliers\/soins-naturels-particuliers\/\"},{\"@type\":\"ListItem\",\"position\":2,\"name\":\"Boutique\",\"item\":\"https:\/\/cinier-b.com\/particuliers\/boutique\/\"},{\"@type\":\"ListItem\",\"position\":3,\"name\":\"HYDROLAT ROSE BIO : Tonique, Hydratant, Apaisant\"}]},{\"@type\":\"WebSite\",\"@id\":\"https:\/\/cinier-b.com\/particuliers\/#website\",\"url\":\"https:\/\/cinier-b.com\/particuliers\/\",\"name\":\"Particuliers - Cinier-B Laboratoires\",\"description\":\"Aromatherapie et podologie\",\"potentialAction\":[{\"@type\":\"SearchAction\",\"target\":{\"@type\":\"EntryPoint\",\"urlTemplate\":\"https:\/\/cinier-b.com\/particuliers\/?s={search_term_string}\"},\"query-input\":{\"@type\":\"PropertyValueSpecification\",\"valueRequired\":true,\"valueName\":\"search_term_string\"}}],\"inLanguage\":\"fr-FR\"}]}<\/script>\n<!-- \/ Yoast SEO plugin. -->","yoast_head_json":{"title":"HYDROLAT ROSE BIO : Tonique, Hydratant, Apaisant - Particuliers - Cinier-B Laboratoires","robots":{"index":"index","follow":"follow","max-snippet":"max-snippet:-1","max-image-preview":"max-image-preview:large","max-video-preview":"max-video-preview:-1"},"canonical":"https:\/\/cinier-b.com\/particuliers\/boutique\/huiles-essentielles-aromatherapie\/hydrolats-aromatiques\/eau-de-rose-maroc-bio\/","og_locale":"fr_FR","og_type":"article","og_title":"HYDROLAT ROSE BIO : Tonique, Hydratant, Apaisant - Particuliers - Cinier-B Laboratoires","og_description":"R\u00e9g\u00e9n\u00e9rante, tonique, antirides, rafra\u00eechissante.  Elle s'utilise aussi avec bonheur dans la p\u00e2tisserie.   Odeur: Caract\u00e9ristique, rappelant celle des fleurs Couleur : Incolore \u00e0 blanch\u00e2tre  100% pure et naturelle, biologique, origine Maroc  Flacon pulv\u00e9risateur aluminium opaque 200ml","og_url":"https:\/\/cinier-b.com\/particuliers\/boutique\/huiles-essentielles-aromatherapie\/hydrolats-aromatiques\/eau-de-rose-maroc-bio\/","og_site_name":"Particuliers - Cinier-B Laboratoires","article_modified_time":"2026-03-09T07:58:15+00:00","og_image":[{"width":1080,"height":1080,"url":"https:\/\/cinier-b.com\/particuliers\/wp-content\/uploads\/2012\/11\/hydrolat-rose-b.jpg","type":"image\/jpeg"}],"twitter_card":"summary_large_image","schema":{"@context":"https:\/\/schema.org","@graph":[{"@type":"WebPage","@id":"https:\/\/cinier-b.com\/particuliers\/boutique\/huiles-essentielles-aromatherapie\/hydrolats-aromatiques\/eau-de-rose-maroc-bio\/","url":"https:\/\/cinier-b.com\/particuliers\/boutique\/huiles-essentielles-aromatherapie\/hydrolats-aromatiques\/eau-de-rose-maroc-bio\/","name":"HYDROLAT ROSE BIO : Tonique, Hydratant, Apaisant - Particuliers - Cinier-B Laboratoires","isPartOf":{"@id":"https:\/\/cinier-b.com\/particuliers\/#website"},"primaryImageOfPage":{"@id":"https:\/\/cinier-b.com\/particuliers\/boutique\/huiles-essentielles-aromatherapie\/hydrolats-aromatiques\/eau-de-rose-maroc-bio\/#primaryimage"},"image":{"@id":"https:\/\/cinier-b.com\/particuliers\/boutique\/huiles-essentielles-aromatherapie\/hydrolats-aromatiques\/eau-de-rose-maroc-bio\/#primaryimage"},"thumbnailUrl":"https:\/\/cinier-b.com\/particuliers\/wp-content\/uploads\/2012\/11\/hydrolat-rose-b.jpg","datePublished":"2012-11-15T14:40:32+00:00","dateModified":"2026-03-09T07:58:15+00:00","breadcrumb":{"@id":"https:\/\/cinier-b.com\/particuliers\/boutique\/huiles-essentielles-aromatherapie\/hydrolats-aromatiques\/eau-de-rose-maroc-bio\/#breadcrumb"},"inLanguage":"fr-FR","potentialAction":[{"@type":"ReadAction","target":["https:\/\/cinier-b.com\/particuliers\/boutique\/huiles-essentielles-aromatherapie\/hydrolats-aromatiques\/eau-de-rose-maroc-bio\/"]}]},{"@type":"ImageObject","inLanguage":"fr-FR","@id":"https:\/\/cinier-b.com\/particuliers\/boutique\/huiles-essentielles-aromatherapie\/hydrolats-aromatiques\/eau-de-rose-maroc-bio\/#primaryimage","url":"https:\/\/cinier-b.com\/particuliers\/wp-content\/uploads\/2012\/11\/hydrolat-rose-b.jpg","contentUrl":"https:\/\/cinier-b.com\/particuliers\/wp-content\/uploads\/2012\/11\/hydrolat-rose-b.jpg","width":1080,"height":1080},{"@type":"BreadcrumbList","@id":"https:\/\/cinier-b.com\/particuliers\/boutique\/huiles-essentielles-aromatherapie\/hydrolats-aromatiques\/eau-de-rose-maroc-bio\/#breadcrumb","itemListElement":[{"@type":"ListItem","position":1,"name":"Accueil","item":"https:\/\/cinier-b.com\/particuliers\/soins-naturels-particuliers\/"},{"@type":"ListItem","position":2,"name":"Boutique","item":"https:\/\/cinier-b.com\/particuliers\/boutique\/"},{"@type":"ListItem","position":3,"name":"HYDROLAT ROSE BIO : Tonique, Hydratant, Apaisant"}]},{"@type":"WebSite","@id":"https:\/\/cinier-b.com\/particuliers\/#website","url":"https:\/\/cinier-b.com\/particuliers\/","name":"Particuliers - Cinier-B Laboratoires","description":"Aromatherapie et podologie","potentialAction":[{"@type":"SearchAction","target":{"@type":"EntryPoint","urlTemplate":"https:\/\/cinier-b.com\/particuliers\/?s={search_term_string}"},"query-input":{"@type":"PropertyValueSpecification","valueRequired":true,"valueName":"search_term_string"}}],"inLanguage":"fr-FR"}]}},"_links":{"self":[{"href":"https:\/\/cinier-b.com\/particuliers\/wp-json\/wp\/v2\/product\/749","targetHints":{"allow":["GET"]}}],"collection":[{"href":"https:\/\/cinier-b.com\/particuliers\/wp-json\/wp\/v2\/product"}],"about":[{"href":"https:\/\/cinier-b.com\/particuliers\/wp-json\/wp\/v2\/types\/product"}],"wp:featuredmedia":[{"embeddable":true,"href":"https:\/\/cinier-b.com\/particuliers\/wp-json\/wp\/v2\/media\/10090"}],"wp:attachment":[{"href":"https:\/\/cinier-b.com\/particuliers\/wp-json\/wp\/v2\/media?parent=749"}],"wp:term":[{"taxonomy":"product_brand","embeddable":true,"href":"https:\/\/cinier-b.com\/particuliers\/wp-json\/wp\/v2\/product_brand?post=749"},{"taxonomy":"product_cat","embeddable":true,"href":"https:\/\/cinier-b.com\/particuliers\/wp-json\/wp\/v2\/product_cat?post=749"},{"taxonomy":"product_tag","embeddable":true,"href":"https:\/\/cinier-b.com\/particuliers\/wp-json\/wp\/v2\/product_tag?post=749"}],"curies":[{"name":"wp","href":"https:\/\/api.w.org\/{rel}","templated":true}]}}